{"id":112,"date":"2026-01-09T09:54:13","date_gmt":"2026-01-09T08:54:13","guid":{"rendered":"https:\/\/lpctour.fr\/2025\/td\/asma\/?page_id=112"},"modified":"2026-01-28T23:29:48","modified_gmt":"2026-01-28T22:29:48","slug":"conseils-pratiques","status":"publish","type":"page","link":"https:\/\/lpctour.fr\/2025\/td\/asma\/conseils-pratiques\/","title":{"rendered":"Informations pratiques"},"content":{"rendered":"\n<div class=\"wp-block-media-text is-stacked-on-mobile\" style=\"grid-template-columns:29% auto\"><figure class=\"wp-block-media-text__media\"><img loading=\"lazy\" decoding=\"async\" width=\"710\" height=\"533\" src=\"https:\/\/lpctour.fr\/2025\/td\/asma\/wp-content\/uploads\/2026\/01\/Agence-de-voyage.jpg\" alt=\"\" class=\"wp-image-171 size-full\" srcset=\"https:\/\/lpctour.fr\/2025\/td\/asma\/wp-content\/uploads\/2026\/01\/Agence-de-voyage.jpg 710w, https:\/\/lpctour.fr\/2025\/td\/asma\/wp-content\/uploads\/2026\/01\/Agence-de-voyage-300x225.jpg 300w\" sizes=\"auto, (max-width: 710px) 100vw, 710px\" \/><\/figure><div class=\"wp-block-media-text__content\">\n<p>Je recommande cette agence de voyage : <a href=\"https:\/\/www.selectour.com\/costa-rica\/circuit\">Selectour<\/a><\/p>\n\n\n\n<p>Pour accompagner les voyageurs dans la d\u00e9couverte du Costa Rica, je recommande cette agence de voyage sp\u00e9cialis\u00e9e dans les circuits authentiques et responsables. Leur expertise du terrain, leur collaboration avec des guides locaux et leur engagement pour un tourisme durable en font un partenaire de confiance pour vivre une exp\u00e9rience inoubliable au c\u0153ur de la nature costaricienne.<\/p>\n\n\n\n<p>Gr\u00e2ce \u00e0 leurs circuits vari\u00e9s \u2014 volcans, for\u00eats tropicales, plages, faune sauvage \u2014 chaque voyageur peut trouver un itin\u00e9raire adapt\u00e9 \u00e0 ses envies. Leur approche humaine, leur professionnalisme et leur connaissance du pays garantissent un s\u00e9jour serein, enrichissant et fid\u00e8le \u00e0 l\u2019esprit <em>Pura Vida<\/em><\/p>\n<\/div><\/div>\n\n\n\n<div class=\"wp-block-group is-layout-constrained wp-block-group-is-layout-constrained\">\n<p><strong>Formalit\u00e9s d&rsquo;entr\u00e9e<\/strong><\/p>\n\n\n\n<p>Les citoyens fran\u00e7ais n\u2019ont pas besoin de visa pour un s\u00e9jour touristique au Costa Rica, \u00e0 condition que la dur\u00e9e du s\u00e9jour soit inf\u00e9rieure \u00e0 180 jours (environ 6 mois).<\/p>\n\n\n\n<p>Pour entrer dans le pays, il faut pr\u00e9senter : <\/p>\n\n\n\n<ul class=\"wp-block-list\">\n<li>Un passeport valide, en bon \u00e9tat. Il doit \u00eatre valable au moins jusqu\u2019au jour suivant la date de sortie pr\u00e9vue du pays (il est conseill\u00e9 d\u2019avoir une validit\u00e9 plus longue, id\u00e9alement 6 mois apr\u00e8s la date de retour).<\/li>\n<\/ul>\n\n\n\n<ul class=\"wp-block-list\">\n<li>Un billet de retour ou vers une autre destination.<\/li>\n<\/ul>\n\n\n\n<ul class=\"wp-block-list\">\n<li>Une preuve d\u2019h\u00e9bergement et des ressources financi\u00e8res suffisantes pour la dur\u00e9e du s\u00e9jour.<\/li>\n<\/ul>\n\n\n\n<p>Si tu pr\u00e9vois de rester plus de 90 jours, tu dois faire une demande de s\u00e9jour ou d\u2019extension aupr\u00e8s des autorit\u00e9s costariciennes ou de l\u2019ambassade avant le voyage.<\/p>\n\n\n\n<p><strong>Sant\u00e9 et assurances<\/strong><\/p>\n\n\n\n<p>Aucun test COVID-19 ni certificat vaccinal sp\u00e9cifique n\u2019est actuellement requis pour entrer au Costa Rica depuis la France.<\/p>\n\n\n\n<p>Cependant, il est fortement recommand\u00e9 de :<\/p>\n\n\n\n<ul class=\"wp-block-list\">\n<li>\u00catre \u00e0 jour dans tes vaccinations habituelles (t\u00e9tanos, h\u00e9patite A\/B, etc.).<\/li>\n<\/ul>\n\n\n\n<ul class=\"wp-block-list\">\n<li>Souscrire une assurance voyage compl\u00e8te qui couvre : Les frais m\u00e9dicaux et hospitaliers, le rapatriement sanitaire, l\u2019annulation ou les impr\u00e9vus de voyage.<\/li>\n<\/ul>\n\n\n\n<p>Le syst\u00e8me de sant\u00e9 du Costa Rica est de bonne qualit\u00e9 mais les soins priv\u00e9s peuvent \u00eatre co\u00fbteux sans assurance.<\/p>\n\n\n\n<p><strong>Climat et meilleure p\u00e9riode pour voyager<\/strong><\/p>\n\n\n\n<p>Le Costa Rica conna\u00eet deux saisons principales :<\/p>\n\n\n\n<ul class=\"wp-block-list\">\n<li><strong>Saison s\u00e8che<\/strong> : de d\u00e9cembre \u00e0 avril \u2014 id\u00e9ale pour la plupart des activit\u00e9s touristiques.<\/li>\n\n\n\n<li><strong>Saison des pluies<\/strong> : de mai \u00e0 novembre \u2014 paysages tr\u00e8s verts, parfois fortes averses mais moins de touristes.<\/li>\n<\/ul>\n\n\n\n<p>Le choix de la p\u00e9riode d\u00e9pend de ton style de voyage : climat sec pour plages et randonn\u00e9es, saison verte pour nature luxuriante.<\/p>\n\n\n\n<p><strong>Transports<\/strong><\/p>\n\n\n\n<ul class=\"wp-block-list\">\n<li>Bus locaux : r\u00e9seau \u00e9tendu et \u00e9conomique pour voyager entre villes et attractions.<\/li>\n<\/ul>\n\n\n\n<ul class=\"wp-block-list\">\n<li>Location de voiture : tr\u00e8s pratique pour explorer librement, surtout les parcs et zones isol\u00e9es.<\/li>\n<\/ul>\n\n\n\n<ul class=\"wp-block-list\">\n<li>V\u00e9rifie bien le contrat d\u2019assurance et l\u2019\u00e9tat du v\u00e9hicule avant de partir.<\/li>\n<\/ul>\n\n\n\n<ul class=\"wp-block-list\">\n<li>Taxis officiels : rouges (ville) et orange (a\u00e9roport), avec compteur, s\u00fbrs et pratiques.<\/li>\n<\/ul>\n\n\n\n<p><strong>Monnaie et paiements<\/strong><\/p>\n\n\n\n<p>La monnaie locale est le col\u00f3n costaricien (CRC).<\/p>\n\n\n\n<p>Les euros et les cartes bancaires internationales sont g\u00e9n\u00e9ralement accept\u00e9s dans les zones touristiques.<\/p>\n\n\n\n<p>Il est conseill\u00e9 d\u2019avoir un peu d\u2019esp\u00e8ces pour les petites d\u00e9penses, surtout en zones rurales.<\/p>\n\n\n\n<p><strong>Langue et communication<\/strong><\/p>\n\n\n\n<p>La langue officielle est l\u2019espagnol.<\/p>\n\n\n\n<p>L\u2019anglais est parl\u00e9 dans de nombreuses zones touristiques, mais le fran\u00e7ais est moins courant. Apprendre quelques bases d\u2019espagnol peut enrichir ton exp\u00e9rience et faciliter les \u00e9changes avec les locaux.<\/p>\n\n\n\n<p><strong>S\u00e9curit\u00e9<\/strong><\/p>\n\n\n\n<p>Le Costa Rica est souvent consid\u00e9r\u00e9 comme un pays s\u00fbr pour les touristes, mais comme partout :<\/p>\n\n\n\n<p>Reste vigilant face \u00e0 la petite d\u00e9linquance (vols de sacs ou objets laiss\u00e9s sans surveillance).<\/p>\n\n\n\n<p>\u00c9vite de se promener seul la nuit dans les grandes villes.<\/p>\n\n\n\n<p>En cas d\u2019urgence : compose le <strong>911<\/strong> (services de police, pompiers, ambulances)<\/p>\n<\/div>\n\n\n\n<p><strong>Contacts utiles pour les touristes Fran\u00e7ais <\/strong><\/p>\n\n\n\n<div class=\"wp-block-media-text is-stacked-on-mobile\" style=\"grid-template-columns:23% auto\"><figure class=\"wp-block-media-text__media\"><img loading=\"lazy\" decoding=\"async\" width=\"408\" height=\"544\" src=\"https:\/\/lpctour.fr\/2025\/td\/asma\/wp-content\/uploads\/2026\/01\/Amabassade-Paris.jpg\" alt=\"\" class=\"wp-image-126 size-full\" srcset=\"https:\/\/lpctour.fr\/2025\/td\/asma\/wp-content\/uploads\/2026\/01\/Amabassade-Paris.jpg 408w, https:\/\/lpctour.fr\/2025\/td\/asma\/wp-content\/uploads\/2026\/01\/Amabassade-Paris-225x300.jpg 225w\" sizes=\"auto, (max-width: 408px) 100vw, 408px\" \/><\/figure><div class=\"wp-block-media-text__content\">\n<p>Ambassade du Costa Rica \u00e0 Paris<\/p>\n\n\n\n<p>4, Square Rapp, 75007 Paris<\/p>\n\n\n\n<p>Tel +33 1 45 78 96 96<\/p>\n<\/div><\/div>\n\n\n\n<div class=\"wp-block-media-text is-stacked-on-mobile\" style=\"grid-template-columns:23% auto\"><figure class=\"wp-block-media-text__media\"><img loading=\"lazy\" decoding=\"async\" width=\"408\" height=\"407\" src=\"https:\/\/lpctour.fr\/2025\/td\/asma\/wp-content\/uploads\/2026\/01\/Ambassade-Costa-rica.png\" alt=\"\" class=\"wp-image-127 size-full\" srcset=\"https:\/\/lpctour.fr\/2025\/td\/asma\/wp-content\/uploads\/2026\/01\/Ambassade-Costa-rica.png 408w, https:\/\/lpctour.fr\/2025\/td\/asma\/wp-content\/uploads\/2026\/01\/Ambassade-Costa-rica-300x300.png 300w, https:\/\/lpctour.fr\/2025\/td\/asma\/wp-content\/uploads\/2026\/01\/Ambassade-Costa-rica-150x150.png 150w\" sizes=\"auto, (max-width: 408px) 100vw, 408px\" \/><\/figure><div class=\"wp-block-media-text__content\">\n<p>Ambassade\/Consulat de France au Costa Rica (San Jos\u00e9)<\/p>\n\n\n\n<p>Tel : +506 40 10 44 52 ou +33 1 70 98 93 35<\/p>\n<\/div><\/div>\n\n\n\n<p><\/p>\n","protected":false},"excerpt":{"rendered":"<p>Je recommande cette agence de voyage : Selectour Pour accompagner les voyageurs dans la d\u00e9couverte du Costa Rica, je recommande [&hellip;]<\/p>\n","protected":false},"author":1,"featured_media":0,"parent":0,"menu_order":0,"comment_status":"closed","ping_status":"closed","template":"","meta":{"site-sidebar-layout":"default","site-content-layout":"","ast-site-content-layout":"default","site-content-style":"default","site-sidebar-style":"default","ast-global-header-display":"","ast-banner-title-visibility":"","ast-main-header-display":"","ast-hfb-above-header-display":"","ast-hfb-below-header-display":"","ast-hfb-mobile-header-display":"","site-post-title":"","ast-breadcrumbs-content":"","ast-featured-img":"","footer-sml-layout":"","ast-disable-related-posts":"","theme-transparent-header-meta":"","adv-header-id-meta":"","stick-header-meta":"","header-above-stick-meta":"","header-main-stick-meta":"","header-below-stick-meta":"","astra-migrate-meta-layouts":"default","ast-page-background-enabled":"default","ast-page-background-meta":{"desktop":{"background-color":"var(--ast-global-color-5)","background-image":"","background-repeat":"repeat","background-position":"center center","background-size":"auto","background-attachment":"scroll","background-type":"","background-media":"","overlay-type":"","overlay-color":"","overlay-opacity":"","overlay-gradient":""},"tablet":{"background-color":"","background-image":"","background-repeat":"repeat","background-position":"center center","background-size":"auto","background-attachment":"scroll","background-type":"","background-media":"","overlay-type":"","overlay-color":"","overlay-opacity":"","overlay-gradient":""},"mobile":{"background-color":"","background-image":"","background-repeat":"repeat","background-position":"center center","background-size":"auto","background-attachment":"scroll","background-type":"","background-media":"","overlay-type":"","overlay-color":"","overlay-opacity":"","overlay-gradient":""}},"ast-content-background-meta":{"desktop":{"background-color":"var(--ast-global-color-4)","background-image":"","background-repeat":"repeat","background-position":"center center","background-size":"auto","background-attachment":"scroll","background-type":"","background-media":"","overlay-type":"","overlay-color":"","overlay-opacity":"","overlay-gradient":""},"tablet":{"background-color":"var(--ast-global-color-4)","background-image":"","background-repeat":"repeat","background-position":"center center","background-size":"auto","background-attachment":"scroll","background-type":"","background-media":"","overlay-type":"","overlay-color":"","overlay-opacity":"","overlay-gradient":""},"mobile":{"background-color":"var(--ast-global-color-4)","background-image":"","background-repeat":"repeat","background-position":"center center","background-size":"auto","background-attachment":"scroll","background-type":"","background-media":"","overlay-type":"","overlay-color":"","overlay-opacity":"","overlay-gradient":""}},"ngg_post_thumbnail":0,"footnotes":""},"class_list":["post-112","page","type-page","status-publish","hentry"],"_links":{"self":[{"href":"https:\/\/lpctour.fr\/2025\/td\/asma\/wp-json\/wp\/v2\/pages\/112","targetHints":{"allow":["GET"]}}],"collection":[{"href":"https:\/\/lpctour.fr\/2025\/td\/asma\/wp-json\/wp\/v2\/pages"}],"about":[{"href":"https:\/\/lpctour.fr\/2025\/td\/asma\/wp-json\/wp\/v2\/types\/page"}],"author":[{"embeddable":true,"href":"https:\/\/lpctour.fr\/2025\/td\/asma\/wp-json\/wp\/v2\/users\/1"}],"replies":[{"embeddable":true,"href":"https:\/\/lpctour.fr\/2025\/td\/asma\/wp-json\/wp\/v2\/comments?post=112"}],"version-history":[{"count":6,"href":"https:\/\/lpctour.fr\/2025\/td\/asma\/wp-json\/wp\/v2\/pages\/112\/revisions"}],"predecessor-version":[{"id":173,"href":"https:\/\/lpctour.fr\/2025\/td\/asma\/wp-json\/wp\/v2\/pages\/112\/revisions\/173"}],"wp:attachment":[{"href":"https:\/\/lpctour.fr\/2025\/td\/asma\/wp-json\/wp\/v2\/media?parent=112"}],"curies":[{"name":"wp","href":"https:\/\/api.w.org\/{rel}","templated":true}]}}