{"id":47,"date":"2026-01-28T12:16:37","date_gmt":"2026-01-28T11:16:37","guid":{"rendered":"https:\/\/lpctour.fr\/2025\/td\/clement\/?page_id=47"},"modified":"2026-01-29T15:15:21","modified_gmt":"2026-01-29T14:15:21","slug":"%f0%9f%9a%b4%e2%99%82%ef%b8%8f-arrivee-du-tour-de-france-2026-paris","status":"publish","type":"page","link":"https:\/\/lpctour.fr\/2025\/td\/clement\/a-la-journee\/%f0%9f%9a%b4%e2%99%82%ef%b8%8f-arrivee-du-tour-de-france-2026-paris\/","title":{"rendered":"\ud83d\udeb4\u200d\u2642\ufe0f Arriv\u00e9e du Tour de France 2026 \u2013 Paris"},"content":{"rendered":"<p>&nbsp;<\/p>\n<p data-start=\"336\" data-end=\"362\"><strong data-start=\"336\" data-end=\"360\">Programme d\u00e9taill\u00e9 :<\/strong><\/p>\n<ul data-start=\"363\" data-end=\"795\">\n<li data-start=\"363\" data-end=\"426\">\n<p data-start=\"365\" data-end=\"426\">Accueil des participants en matin\u00e9e dans le centre de Paris<\/p>\n<\/li>\n<li data-start=\"427\" data-end=\"510\">\n<p data-start=\"429\" data-end=\"510\">D\u00e9couverte guid\u00e9e des lieux embl\u00e9matiques : Op\u00e9ra, Place de la Concorde, Louvre<\/p>\n<\/li>\n<li data-start=\"511\" data-end=\"574\">\n<p data-start=\"513\" data-end=\"574\">Temps libre pour d\u00e9jeuner dans un quartier parisien typique<\/p>\n<\/li>\n<li data-start=\"575\" data-end=\"638\">\n<p data-start=\"577\" data-end=\"638\">Installation sur la zone spectateurs des <strong data-start=\"618\" data-end=\"636\">Champs-\u00c9lys\u00e9es<\/strong><\/p>\n<\/li>\n<li data-start=\"639\" data-end=\"700\">\n<p data-start=\"641\" data-end=\"700\">Arriv\u00e9e officielle de la derni\u00e8re \u00e9tape du Tour de France<\/p>\n<\/li>\n<li data-start=\"701\" data-end=\"761\">\n<p data-start=\"703\" data-end=\"761\">Ambiance festive, animations et c\u00e9l\u00e9bration des coureurs<\/p>\n<\/li>\n<li data-start=\"762\" data-end=\"795\">\n<p data-start=\"764\" data-end=\"795\">Temps libre en fin de journ\u00e9e<\/p>\n<\/li>\n<\/ul>\n","protected":false},"excerpt":{"rendered":"<p>&nbsp; Programme d\u00e9taill\u00e9 : Accueil des participants en matin\u00e9e dans le centre de Paris D\u00e9couverte guid\u00e9e des lieux embl\u00e9matiques : Op\u00e9ra, Place de la Concorde, Louvre Temps libre pour d\u00e9jeuner dans un quartier parisien typique Installation sur la zone spectateurs des Champs-\u00c9lys\u00e9es Arriv\u00e9e officielle de la derni\u00e8re \u00e9tape du Tour de France Ambiance festive, animations [&hellip;]<\/p>\n","protected":false},"author":1,"featured_media":82,"parent":43,"menu_order":0,"comment_status":"closed","ping_status":"closed","template":"","meta":{"footnotes":""},"class_list":["post-47","page","type-page","status-publish","has-post-thumbnail","hentry"],"_links":{"self":[{"href":"https:\/\/lpctour.fr\/2025\/td\/clement\/wp-json\/wp\/v2\/pages\/47","targetHints":{"allow":["GET"]}}],"collection":[{"href":"https:\/\/lpctour.fr\/2025\/td\/clement\/wp-json\/wp\/v2\/pages"}],"about":[{"href":"https:\/\/lpctour.fr\/2025\/td\/clement\/wp-json\/wp\/v2\/types\/page"}],"author":[{"embeddable":true,"href":"https:\/\/lpctour.fr\/2025\/td\/clement\/wp-json\/wp\/v2\/users\/1"}],"replies":[{"embeddable":true,"href":"https:\/\/lpctour.fr\/2025\/td\/clement\/wp-json\/wp\/v2\/comments?post=47"}],"version-history":[{"count":3,"href":"https:\/\/lpctour.fr\/2025\/td\/clement\/wp-json\/wp\/v2\/pages\/47\/revisions"}],"predecessor-version":[{"id":104,"href":"https:\/\/lpctour.fr\/2025\/td\/clement\/wp-json\/wp\/v2\/pages\/47\/revisions\/104"}],"up":[{"embeddable":true,"href":"https:\/\/lpctour.fr\/2025\/td\/clement\/wp-json\/wp\/v2\/pages\/43"}],"wp:featuredmedia":[{"embeddable":true,"href":"https:\/\/lpctour.fr\/2025\/td\/clement\/wp-json\/wp\/v2\/media\/82"}],"wp:attachment":[{"href":"https:\/\/lpctour.fr\/2025\/td\/clement\/wp-json\/wp\/v2\/media?parent=47"}],"curies":[{"name":"wp","href":"https:\/\/api.w.org\/{rel}","templated":true}]}}

🚴‍♂️ Arrivée du Tour de France 2026 – Paris

<p>&nbsp;</p>
<p data-start="336" data-end="362"><strong data-start="336" data-end="360">Programme détaillé :</strong></p>
<ul data-start="363" data-end="795">
<li data-start="363" data-end="426">
<p data-start="365" data-end="426">Accueil des participants en matinée dans le centre de Paris</p>
</li>
<li data-start="427" data-end="510">
<p data-start="429" data-end="510">Découverte guidée des lieux emblématiques : Opéra, Place de la Concorde, Louvre</p>
</li>
<li data-start="511" data-end="574">
<p data-start="513" data-end="574">Temps libre pour déjeuner dans un quartier parisien typique</p>
</li>
<li data-start="575" data-end="638">
<p data-start="577" data-end="638">Installation sur la zone spectateurs des <strong data-start="618" data-end="636">Champs-Élysées</strong></p>
</li>
<li data-start="639" data-end="700">
<p data-start="641" data-end="700">Arrivée officielle de la dernière étape du Tour de France</p>
</li>
<li data-start="701" data-end="761">
<p data-start="703" data-end="761">Ambiance festive, animations et célébration des coureurs</p>
</li>
<li data-start="762" data-end="795">
<p data-start="764" data-end="795">Temps libre en fin de journée</p>
</li>
</ul>

<p>&nbsp; Programme détaillé : Accueil des participants en matinée dans le centre de Paris Découverte guidée des lieux emblématiques : Opéra, Place de la Concorde, Louvre Temps libre pour déjeuner dans un quartier parisien typique Installation sur la zone spectateurs des Champs-Élysées Arrivée officielle de la dernière étape du Tour de France Ambiance festive, animations [&hellip;]</p>
