{"id":102,"date":"2025-11-28T11:41:08","date_gmt":"2025-11-28T10:41:08","guid":{"rendered":"https:\/\/lpctour.buchon.fr\/2025\/td\/erwan\/?page_id=102"},"modified":"2026-01-15T17:15:37","modified_gmt":"2026-01-15T16:15:37","slug":"mentions-legales","status":"publish","type":"page","link":"https:\/\/lpctour.fr\/2025\/td\/erwan\/mentions-legales\/","title":{"rendered":"Mentions l\u00e9gales"},"content":{"rendered":"<h2 style=\"text-align: center;\"><span style=\"font-size: 36pt;\">&#8211; Mentions l\u00e9gales &#8211;<\/span><\/h2>\n<p>&nbsp;<\/p>\n<h4><\/h4>\n<h4 style=\"text-align: center;\"><strong>1. <span style=\"font-size: 14pt;\">Editeur du site<\/span><\/strong><\/h4>\n<p style=\"text-align: center;\">Le site est \u00e9dit\u00e9 par : Association Voyages de M\u00e9moire<\/p>\n<p style=\"text-align: center;\">Si\u00e8ge Social : 10 Rue Andr\u00e9 Pez\u00e9, 62410 Wingles<\/p>\n<p style=\"text-align: center;\">Email : voyagesdem\u00e9moiregmail.com<\/p>\n<p style=\"text-align: center;\">T\u00e9l\u00e9phone : 07.83.14.80.22<\/p>\n<p style=\"text-align: center;\">SIRET : 452 528 755\u00a0 00047<\/p>\n<p style=\"text-align: center;\">Directeur de la publication : Leignel Erwan<\/p>\n<p>&nbsp;<\/p>\n<h4 style=\"text-align: center;\"><strong>2. <span style=\"font-size: 14pt;\">H\u00e9bergeur du site<\/span><\/strong><\/h4>\n<p style=\"text-align: center;\">Le site est h\u00e9berg\u00e9 par : WordPress<\/p>\n<p style=\"text-align: center;\">Adresse : 15 RUE DES HALLES 75001 PARIS<\/p>\n<p style=\"text-align: center;\">T\u00e9l\u00e9phone : 09 54 43 67 20<\/p>\n<p>&nbsp;<\/p>\n<h4 style=\"text-align: center;\"><strong>3. <span style=\"font-size: 14pt;\">Propri\u00e9t\u00e9 intellectuelle<\/span><\/strong><\/h4>\n<p style=\"text-align: center;\">L&rsquo;ensemble du contenu du site (textes, images, graphismes, logos, vid\u00e9os,etc.) est prot\u00e9g\u00e9 par les lois en vigueur sur la propri\u00e9t\u00e9 intellectuelle et demeure la propri\u00e9t\u00e9 exclusive de l&rsquo;association Voyages de M\u00e9moire ou de ses partenaires. Toute reproduction, repr\u00e9sentation, modification, publication, adaptation, totale ou partielle, des \u00e9l\u00e9ments du site est interdite sans autorisation pr\u00e9alable.<\/p>\n<h4><\/h4>\n<h4 style=\"text-align: center;\"><strong>4. <span style=\"font-size: 14pt;\">Protection de donn\u00e9es personnelles<\/span><\/strong><\/h4>\n<p style=\"text-align: center;\">Conform\u00e9ment au R\u00e8glement G\u00e9n\u00e9ral sur la Protection des Donn\u00e9es (RGPD), les informations personnelles collect\u00e9es sur le site font l&rsquo;objet d&rsquo;un traitement informatis\u00e9. L&rsquo;utilisateur dispose d&rsquo;un droit d&rsquo;acc\u00e8s, de rectification et de suppression de ses donn\u00e9es en contactant <strong>voyagesdememoire@gmail.com\u00a0<\/strong><\/p>\n<p>&nbsp;<\/p>\n<h4 style=\"text-align: center;\"><strong>5. <span style=\"font-size: 14pt;\">Responsabilit\u00e9s<\/span><\/strong><\/h4>\n<p style=\"text-align: center;\">L&rsquo;association Voyages de M\u00e9moire met tout en \u0153uvre pour assurer l&rsquo;exactitude et la mise\u00a0 \u00e0 jour des informations diffus\u00e9es sur le site. Toutefois, nous ne pouvons pas garantir l&rsquo;absence d&rsquo;erreurs ou d&rsquo;omissions. L&rsquo;utilisation des informations disponibles sur le site se fait sous l&rsquo;enti\u00e8re responsabilit\u00e9 de l&rsquo;utilisateur.<\/p>\n<p>&nbsp;<\/p>\n<h4 style=\"text-align: center;\"><strong>6. <span style=\"font-size: 14pt;\">Liens hypertextes<\/span><\/strong><\/h4>\n<p style=\"text-align: center;\">Le site peut contenir des liens vers d&rsquo;autres sites web. L&rsquo;association Voyages de M\u00e9moire d\u00e9cline toute responsabilit\u00e9 quant au contenu de ces sites tiers.<\/p>\n<p>&nbsp;<\/p>\n<h4 style=\"text-align: center;\"><strong>7. <span style=\"font-size: 14pt;\">Droit applicable et juridiction comp\u00e9tente<\/span><\/strong><\/h4>\n<p style=\"text-align: center;\">Les pr\u00e9sentes mentions l\u00e9gales sont r\u00e9gies par le droit Fran\u00e7ais. En cas de litige, les tribunaux Fran\u00e7ais seront les seuls comp\u00e9tents.<\/p>\n<p>&nbsp;<\/p>\n<h4 style=\"text-align: center;\"><strong>8. <span style=\"font-size: 14pt;\">Contact<\/span><\/strong><\/h4>\n<p style=\"text-align: center;\">Pour toute question relative aux mentions l\u00e9gales, vous pouvez nous contacter \u00e0 l&rsquo;adresse suivante : voyagesdememoire@gmail.com<\/p>\n<p>&nbsp;<\/p>\n<p>&nbsp;<\/p>\n<p>&nbsp;<\/p>\n<p style=\"text-align: center;\">Voyages de M\u00e9moire, 10 rue Andr\u00e9 Pez\u00e9, 62410 Wingles, 0783148022<\/p>\n","protected":false},"excerpt":{"rendered":"<p>&#8211; Mentions l\u00e9gales &#8211; &nbsp; 1. Editeur du site Le site est \u00e9dit\u00e9 par : Association Voyages de M\u00e9moire Si\u00e8ge Social : 10 Rue Andr\u00e9 Pez\u00e9, 62410 Wingles Email : voyagesdem\u00e9moiregmail.com T\u00e9l\u00e9phone : 07.83.14.80.22 SIRET : 452 528 755\u00a0 00047 Directeur de la publication : Leignel Erwan &nbsp; 2. H\u00e9bergeur du site Le site est [&hellip;]<\/p>\n","protected":false},"author":1,"featured_media":0,"parent":0,"menu_order":5,"comment_status":"closed","ping_status":"closed","template":"","meta":{"footnotes":""},"class_list":["post-102","page","type-page","status-publish","hentry"],"_links":{"self":[{"href":"https:\/\/lpctour.fr\/2025\/td\/erwan\/wp-json\/wp\/v2\/pages\/102","targetHints":{"allow":["GET"]}}],"collection":[{"href":"https:\/\/lpctour.fr\/2025\/td\/erwan\/wp-json\/wp\/v2\/pages"}],"about":[{"href":"https:\/\/lpctour.fr\/2025\/td\/erwan\/wp-json\/wp\/v2\/types\/page"}],"author":[{"embeddable":true,"href":"https:\/\/lpctour.fr\/2025\/td\/erwan\/wp-json\/wp\/v2\/users\/1"}],"replies":[{"embeddable":true,"href":"https:\/\/lpctour.fr\/2025\/td\/erwan\/wp-json\/wp\/v2\/comments?post=102"}],"version-history":[{"count":11,"href":"https:\/\/lpctour.fr\/2025\/td\/erwan\/wp-json\/wp\/v2\/pages\/102\/revisions"}],"predecessor-version":[{"id":197,"href":"https:\/\/lpctour.fr\/2025\/td\/erwan\/wp-json\/wp\/v2\/pages\/102\/revisions\/197"}],"wp:attachment":[{"href":"https:\/\/lpctour.fr\/2025\/td\/erwan\/wp-json\/wp\/v2\/media?parent=102"}],"curies":[{"name":"wp","href":"https:\/\/api.w.org\/{rel}","templated":true}]}}

Mentions légales

<h2 style="text-align: center;"><span style="font-size: 36pt;">&#8211; Mentions légales &#8211;</span></h2>
<p>&nbsp;</p>
<h4></h4>
<h4 style="text-align: center;"><strong>1. <span style="font-size: 14pt;">Editeur du site</span></strong></h4>
<p style="text-align: center;">Le site est édité par : Association Voyages de Mémoire</p>
<p style="text-align: center;">Siège Social : 10 Rue André Pezé, 62410 Wingles</p>
<p style="text-align: center;">Email : voyagesdemémoiregmail.com</p>
<p style="text-align: center;">Téléphone : 07.83.14.80.22</p>
<p style="text-align: center;">SIRET : 452 528 755  00047</p>
<p style="text-align: center;">Directeur de la publication : Leignel Erwan</p>
<p>&nbsp;</p>
<h4 style="text-align: center;"><strong>2. <span style="font-size: 14pt;">Hébergeur du site</span></strong></h4>
<p style="text-align: center;">Le site est hébergé par : WordPress</p>
<p style="text-align: center;">Adresse : 15 RUE DES HALLES 75001 PARIS</p>
<p style="text-align: center;">Téléphone : 09 54 43 67 20</p>
<p>&nbsp;</p>
<h4 style="text-align: center;"><strong>3. <span style="font-size: 14pt;">Propriété intellectuelle</span></strong></h4>
<p style="text-align: center;">L&rsquo;ensemble du contenu du site (textes, images, graphismes, logos, vidéos,etc.) est protégé par les lois en vigueur sur la propriété intellectuelle et demeure la propriété exclusive de l&rsquo;association Voyages de Mémoire ou de ses partenaires. Toute reproduction, représentation, modification, publication, adaptation, totale ou partielle, des éléments du site est interdite sans autorisation préalable.</p>
<h4></h4>
<h4 style="text-align: center;"><strong>4. <span style="font-size: 14pt;">Protection de données personnelles</span></strong></h4>
<p style="text-align: center;">Conformément au Règlement Général sur la Protection des Données (RGPD), les informations personnelles collectées sur le site font l&rsquo;objet d&rsquo;un traitement informatisé. L&rsquo;utilisateur dispose d&rsquo;un droit d&rsquo;accès, de rectification et de suppression de ses données en contactant <strong>voyagesdememoire@gmail.com </strong></p>
<p>&nbsp;</p>
<h4 style="text-align: center;"><strong>5. <span style="font-size: 14pt;">Responsabilités</span></strong></h4>
<p style="text-align: center;">L&rsquo;association Voyages de Mémoire met tout en œuvre pour assurer l&rsquo;exactitude et la mise  à jour des informations diffusées sur le site. Toutefois, nous ne pouvons pas garantir l&rsquo;absence d&rsquo;erreurs ou d&rsquo;omissions. L&rsquo;utilisation des informations disponibles sur le site se fait sous l&rsquo;entière responsabilité de l&rsquo;utilisateur.</p>
<p>&nbsp;</p>
<h4 style="text-align: center;"><strong>6. <span style="font-size: 14pt;">Liens hypertextes</span></strong></h4>
<p style="text-align: center;">Le site peut contenir des liens vers d&rsquo;autres sites web. L&rsquo;association Voyages de Mémoire décline toute responsabilité quant au contenu de ces sites tiers.</p>
<p>&nbsp;</p>
<h4 style="text-align: center;"><strong>7. <span style="font-size: 14pt;">Droit applicable et juridiction compétente</span></strong></h4>
<p style="text-align: center;">Les présentes mentions légales sont régies par le droit Français. En cas de litige, les tribunaux Français seront les seuls compétents.</p>
<p>&nbsp;</p>
<h4 style="text-align: center;"><strong>8. <span style="font-size: 14pt;">Contact</span></strong></h4>
<p style="text-align: center;">Pour toute question relative aux mentions légales, vous pouvez nous contacter à l&rsquo;adresse suivante : voyagesdememoire@gmail.com</p>
<p>&nbsp;</p>
<p>&nbsp;</p>
<p>&nbsp;</p>
<p style="text-align: center;">Voyages de Mémoire, 10 rue André Pezé, 62410 Wingles, 0783148022</p>

<p>&#8211; Mentions légales &#8211; &nbsp; 1. Editeur du site Le site est édité par : Association Voyages de Mémoire Siège Social : 10 Rue André Pezé, 62410 Wingles Email : voyagesdemémoiregmail.com Téléphone : 07.83.14.80.22 SIRET : 452 528 755  00047 Directeur de la publication : Leignel Erwan &nbsp; 2. Hébergeur du site Le site est [&hellip;]</p>
