{"id":44,"date":"2025-11-28T10:06:25","date_gmt":"2025-11-28T09:06:25","guid":{"rendered":"https:\/\/lpctour.buchon.fr\/2025\/td\/erwan\/?page_id=44"},"modified":"2026-01-15T17:22:44","modified_gmt":"2026-01-15T16:22:44","slug":"acceuil","status":"publish","type":"page","link":"https:\/\/lpctour.fr\/2025\/td\/erwan\/","title":{"rendered":"Accueil"},"content":{"rendered":"<h2 style=\"text-align: center;\"><\/h2>\n<h2><\/h2>\n<h2 style=\"text-align: center;\"><span style=\"font-size: 36pt;\">&#8211; Qui sommes nous ? &#8211;<\/span><\/h2>\n<p>&nbsp;<\/p>\n<p style=\"text-align: center;\"><span style=\"font-size: 14pt;\">L&rsquo;association voyages de m\u00e9moire est une association fond\u00e9e en 2018 suite au centenaire de l&rsquo;armistice par un groupe de passionn\u00e9s d&rsquo;histoire d\u00e9sireux de transmettre les connaissances et m\u00e9moires des deux guerres mondiales aux g\u00e9n\u00e9rations actuelles et futures. Notre objectif est de proposer des voyages \u00e9ducatifs et respectueux, permettant \u00e0 nos participants de visiter les lieux embl\u00e9matiques des deux conflits mondiaux, tout en d\u00e9couvrant et en approfondissant leur compr\u00e9hension historique.<\/span><\/p>\n<p style=\"text-align: center;\"><img loading=\"lazy\" decoding=\"async\" class=\"size-full wp-image-89 aligncenter\" src=\"https:\/\/lpctour.buchon.fr\/2025\/td\/erwan\/wp-content\/uploads\/2025\/11\/LOGO-SANS-FOND.png\" alt=\"\" width=\"506\" height=\"493\" srcset=\"https:\/\/lpctour.fr\/2025\/td\/erwan\/wp-content\/uploads\/2025\/11\/LOGO-SANS-FOND.png 506w, https:\/\/lpctour.fr\/2025\/td\/erwan\/wp-content\/uploads\/2025\/11\/LOGO-SANS-FOND-300x292.png 300w\" sizes=\"auto, (max-width: 506px) 100vw, 506px\" \/><\/p>\n<h2 style=\"text-align: center;\"><span style=\"font-size: 36pt;\">&#8211; Nos Valeurs &#8211;<\/span><\/h2>\n<table class=\" aligncenter\" style=\"width: 100%; border-collapse: collapse; border-color: #e3e3e3; border-style: solid;\" cellpadding=\"10px\">\n<tbody>\n<tr>\n<td style=\"width: 33.3333%; text-align: center;\">\n<h4><span style=\"font-size: 24pt;\">&#8211; Respect &#8211;<\/span><\/h4>\n<p>Les voyages sont con\u00e7us pour offrir une exp\u00e9rience respectueuse et authentique, en veillant \u00e0 ce que les participants comprennent l&rsquo;importance des sites visit\u00e9s.<\/td>\n<td style=\"width: 33.2665%; border-style: solid; border-color: #e3e3e3; text-align: center;\">\n<h4><span style=\"font-size: 24pt;\">&#8211; Education &#8211;<\/span><\/h4>\n<p>L&rsquo;association a pour mission d&rsquo;\u00e9duquer ses participants sur les \u00e9v\u00e8nements des deux guerres mondiales, de fa\u00e7on \u00e0 encourager une compr\u00e9hension approfondie des causes, des cons\u00e9quences et des le\u00e7ons \u00e0 tirer de ces conflits.<\/td>\n<td style=\"width: 33.3333%; text-align: center;\">\n<h4><span style=\"font-size: 24pt;\">&#8211; Inclusivit\u00e9 &#8211;<\/span><\/h4>\n<p>Elle accueille des personnes de tous horizons, tout en favorisant un environnement d&rsquo;\u00e9change, o\u00f9 chacun peut partager ses connaissances et ses questions.<\/td>\n<\/tr>\n<\/tbody>\n<\/table>\n<p>&nbsp;<\/p>\n<h2><\/h2>\n<p>&nbsp;<\/p>\n<h2 style=\"text-align: center;\"><span style=\"font-size: 36pt;\">&#8211; \u00c0 qui notre offre est-elle adress\u00e9e ? &#8211;<\/span><\/h2>\n<p>&nbsp;<\/p>\n<p style=\"text-align: center;\"><span style=\"font-size: 14pt;\">L&rsquo;association propose des voyages sur le th\u00e8me des deux guerres mondiales pour :<\/span><\/p>\n<h3 style=\"text-align: center;\"><strong><span style=\"font-size: 14pt;\">\u00a0Pour les groupes d&rsquo;individuels regroup\u00e9s (GIR) :<\/span><\/strong><\/h3>\n<p style=\"text-align: center;\">Nous accueillons des groupes d&rsquo;individuels regroup\u00e9s, qu&rsquo;il s&rsquo;agisse de passionn\u00e9s d&rsquo;histoire ou de familles d\u00e9sireuses d&rsquo;explorer ensemble les traces de l&rsquo;histoire. Nos voyages offrent une approche conviviale et enrichissante, qu&rsquo;il s&rsquo;agisse de visiter des champs de bataille, des mus\u00e9es ou des sites historiques importants. L&rsquo;objectif est de partager ensemble une exp\u00e9rience unique qui permet de renforcer la compr\u00e9hension du pass\u00e9.<\/p>\n<p>&nbsp;<\/p>\n<p>&nbsp;<\/p>\n<h2 style=\"text-align: center;\"><span style=\"font-size: 36pt;\">&#8211; Notre offre &#8211;<\/span><\/h2>\n<p>&nbsp;<\/p>\n<table class=\" aligncenter\" style=\"height: 330px; width: 76.4529%; border-collapse: collapse; border-color: #f9f9f9; border-style: solid;\" cellpadding=\"10px\">\n<tbody>\n<tr>\n<td style=\"width: 50%; border-style: solid; border-color: #ffffff; text-align: center; vertical-align: middle;\">\n<h3><strong><span style=\"font-size: 14pt;\">&#8211; Voyages \u00e0 la journ\u00e9e &#8211;<\/span><\/strong><\/h3>\n<p>Nous accueillons des groupes d&rsquo;individuels regroup\u00e9s, qu&rsquo;il s&rsquo;agisse de passionn\u00e9s d&rsquo;histoire ou de familles d\u00e9sireuses d&rsquo;explorer ensemble les traces de l&rsquo;histoire. Nos voyages offrent une approche conviviale et enrichissante, qu&rsquo;il s&rsquo;agisse de visiter des champs de bataille, des mus\u00e9es ou des sites historiques importants. L&rsquo;objectif est de partager ensemble une exp\u00e9rience unique qui permet de renforcer la compr\u00e9hension du pass\u00e9.<\/td>\n<td style=\"width: 50%; border-style: solid; border-color: #ffffff; text-align: center; vertical-align: middle;\">\n<h2><strong><span style=\"font-size: 14pt;\">&#8211; Voyages \u00e0 la journ\u00e9e &#8211;<\/span><\/strong><\/h2>\n<p>Nous accueillons des groupes d&rsquo;individuels regroup\u00e9s, qu&rsquo;il s&rsquo;agisse de passionn\u00e9s d&rsquo;histoire ou de familles d\u00e9sireuses d&rsquo;explorer ensemble les traces de l&rsquo;histoire. Nos voyages offrent une approche conviviale et enrichissante, qu&rsquo;il s&rsquo;agisse de visiter des champs de bataille, des mus\u00e9es ou des sites historiques importants. L&rsquo;objectif est de partager ensemble une exp\u00e9rience unique qui permet de renforcer la compr\u00e9hension du pass\u00e9.<\/td>\n<\/tr>\n<\/tbody>\n<\/table>\n<h3 style=\"text-align: center;\"><\/h3>\n<h2><\/h2>\n<p>&nbsp;<\/p>\n<p>&nbsp;<\/p>\n<h2 style=\"text-align: center;\"><span style=\"font-size: 36pt;\">&#8211; Le devoir de m\u00e9moire &#8211;<\/span><\/h2>\n<p>&nbsp;<\/p>\n<p style=\"text-align: center;\"><iframe loading=\"lazy\" title=\"YouTube video player\" src=\"https:\/\/www.youtube.com\/embed\/NOdrrbIYzu4?si=rEMCTKQl68PH4UNV\" width=\"560\" height=\"315\" frameborder=\"0\" allowfullscreen=\"allowfullscreen\"><\/iframe><\/p>\n<p>&nbsp;<\/p>\n<p>&nbsp;<\/p>\n<p style=\"text-align: center;\">Voyages de M\u00e9moire, 10 rue Andr\u00e9 Pez\u00e9, 62410 Wingles, 0783148022<\/p>\n","protected":false},"excerpt":{"rendered":"<p>&#8211; Qui sommes nous ? &#8211; &nbsp; L&rsquo;association voyages de m\u00e9moire est une association fond\u00e9e en 2018 suite au centenaire de l&rsquo;armistice par un groupe de passionn\u00e9s d&rsquo;histoire d\u00e9sireux de transmettre les connaissances et m\u00e9moires des deux guerres mondiales aux g\u00e9n\u00e9rations actuelles et futures. Notre objectif est de proposer des voyages \u00e9ducatifs et respectueux, permettant [&hellip;]<\/p>\n","protected":false},"author":1,"featured_media":0,"parent":0,"menu_order":0,"comment_status":"closed","ping_status":"closed","template":"","meta":{"footnotes":""},"class_list":["post-44","page","type-page","status-publish","hentry"],"_links":{"self":[{"href":"https:\/\/lpctour.fr\/2025\/td\/erwan\/wp-json\/wp\/v2\/pages\/44","targetHints":{"allow":["GET"]}}],"collection":[{"href":"https:\/\/lpctour.fr\/2025\/td\/erwan\/wp-json\/wp\/v2\/pages"}],"about":[{"href":"https:\/\/lpctour.fr\/2025\/td\/erwan\/wp-json\/wp\/v2\/types\/page"}],"author":[{"embeddable":true,"href":"https:\/\/lpctour.fr\/2025\/td\/erwan\/wp-json\/wp\/v2\/users\/1"}],"replies":[{"embeddable":true,"href":"https:\/\/lpctour.fr\/2025\/td\/erwan\/wp-json\/wp\/v2\/comments?post=44"}],"version-history":[{"count":61,"href":"https:\/\/lpctour.fr\/2025\/td\/erwan\/wp-json\/wp\/v2\/pages\/44\/revisions"}],"predecessor-version":[{"id":201,"href":"https:\/\/lpctour.fr\/2025\/td\/erwan\/wp-json\/wp\/v2\/pages\/44\/revisions\/201"}],"wp:attachment":[{"href":"https:\/\/lpctour.fr\/2025\/td\/erwan\/wp-json\/wp\/v2\/media?parent=44"}],"curies":[{"name":"wp","href":"https:\/\/api.w.org\/{rel}","templated":true}]}}