{"id":668,"date":"2023-03-23T10:56:45","date_gmt":"2023-03-23T09:56:45","guid":{"rendered":"https:\/\/lpctour.fr\/2025\/td\/hafssa\/?page_id=668"},"modified":"2026-01-29T15:40:13","modified_gmt":"2026-01-29T14:40:13","slug":"amiens","status":"publish","type":"page","link":"https:\/\/lpctour.fr\/2025\/td\/hafssa\/amiens\/","title":{"rendered":"Amiens"},"content":{"rendered":"<hr data-start=\"469\" data-end=\"472\">\n<h3 style=\"text-align: center;\" data-start=\"474\" data-end=\"524\"><strong data-start=\"478\" data-end=\"524\">Amiens et Jules Vernes <img loading=\"lazy\" decoding=\"async\" class=\"alignright wp-image-675 \" src=\"https:\/\/lpctour.fr\/2025\/td\/hafssa\/wp-content\/uploads\/2025\/12\/Jules-Verne-Wikipedia-214x300.jpg\" alt=\"Portrait sympathique de Jules Verne \" width=\"165\" height=\"231\" srcset=\"https:\/\/lpctour.fr\/2025\/td\/hafssa\/wp-content\/uploads\/2025\/12\/Jules-Verne-Wikipedia-214x300.jpg 214w, https:\/\/lpctour.fr\/2025\/td\/hafssa\/wp-content\/uploads\/2025\/12\/Jules-Verne-Wikipedia.jpg 440w\" sizes=\"auto, (max-width: 165px) 100vw, 165px\" \/><\/strong><\/h3>\n<p style=\"text-align: left;\" data-start=\"314\" data-end=\"605\">Je vous pr\u00e9sente Amiens, une ville o\u00f9 j\u2019ai ressenti une vraie connexion avec Jules Verne, mon auteur pr\u00e9f\u00e9r\u00e9. D\u00e8s que j\u2019ai pos\u00e9 le pied dans les ruelles de Saint-Leu, travers\u00e9 les canaux et admir\u00e9 la majestueuse cath\u00e9drale, j\u2019ai eu l\u2019impression de marcher \u00e0 l\u2019int\u00e9rieur d\u2019un de ses romans.<\/p>\n<p data-start=\"314\" data-end=\"605\"><img loading=\"lazy\" decoding=\"async\" class=\"alignleft wp-image-676 size-thumbnail\" src=\"https:\/\/lpctour.fr\/2025\/td\/hafssa\/wp-content\/uploads\/2025\/12\/Amiens-France-150x150.jpg\" alt=\"Cath\u00e9drale d'Amiens \" width=\"150\" height=\"150\"><\/p>\n<p data-start=\"314\" data-end=\"605\">&nbsp;<\/p>\n<p style=\"text-align: left;\" data-start=\"607\" data-end=\"870\">La Maison de Jules Verne est un passage oblig\u00e9 : on y sent son amour des voyages, des sciences et de l\u2019aventure \u00e0 chaque coin de pi\u00e8ce. Pour moi, Amiens n\u2019est pas juste une ville \u00e0 visiter, c\u2019est un endroit o\u00f9 le r\u00e9el et l\u2019imaginaire se rencontrent joyeusement.<\/p>\n<p data-start=\"607\" data-end=\"870\">&nbsp;<\/p>\n<p data-start=\"607\" data-end=\"870\">&nbsp;<\/p>\n<p style=\"text-align: left;\" data-start=\"607\" data-end=\"870\">Entre balades ans le quartier historique, promenades au fil de l\u2019eau et d\u00e9couvertes culturelles, chaque pas rappelle pourquoi la litt\u00e9rature peut rendre le monde plus magique. Et puis, soyons honn\u00eates, suivre les&nbsp;pas de Jules Verne, c\u2019est un peu comme partir \u00e0 l\u2019aventure sans quitter la terre ferme !<img loading=\"lazy\" decoding=\"async\" class=\"alignright wp-image-674 size-thumbnail\" src=\"https:\/\/lpctour.fr\/2025\/td\/hafssa\/wp-content\/uploads\/2025\/12\/Hortillonnages-dAmiens-150x150.jpg\" alt=\"\" width=\"150\" height=\"150\"><\/p>\n<p style=\"text-align: left;\" data-start=\"872\" data-end=\"1176\">Entre patrimoine historique et h\u00e9ritage litt\u00e9raire, Amiens offre une balade o\u00f9 la r\u00e9alit\u00e9 et la fiction se m\u00ealent naturellement.<\/p>\n<p data-start=\"872\" data-end=\"1176\">&nbsp;<\/p>\n<p data-start=\"872\" data-end=\"1176\">&nbsp;<\/p>\n<blockquote data-start=\"1475\" data-end=\"1592\">\n<p data-start=\"1477\" data-end=\"1592\"><em data-start=\"1477\" data-end=\"1574\">\u00ab Tout ce qu\u2019un homme est capable d\u2019imaginer, d\u2019autres hommes seront capables de le r\u00e9aliser. \u00bb<\/em><br data-start=\"1574\" data-end=\"1577\">\u2014 Jules Verne<\/p>\n<\/blockquote>\n<hr>\n<p data-start=\"1477\" data-end=\"1592\">Je vous propose un circuit d\u2019une journ\u00e9e \u00e0 Amiens, qui permet de d\u00e9couvrir la ville tout en suivant les traces de Jules Verne.<\/p>\n<p data-start=\"1477\" data-end=\"1592\"><a href=\"https:\/\/lpctour.fr\/2025\/td\/hafssa\/wp-content\/uploads\/2026\/01\/Amiens-borchure.pdf\">Circuit &#8211; s\u00e9jour Amiens <\/a><\/p>\n","protected":false},"excerpt":{"rendered":"<p>Amiens et Jules Vernes Je vous pr\u00e9sente Amiens, une ville o\u00f9 j\u2019ai ressenti une vraie connexion avec Jules Verne, mon auteur pr\u00e9f\u00e9r\u00e9. D\u00e8s que j\u2019ai pos\u00e9 le pied dans les ruelles de Saint-Leu, travers\u00e9 les canaux et admir\u00e9 la majestueuse cath\u00e9drale, j\u2019ai eu l\u2019impression de marcher \u00e0 l\u2019int\u00e9rieur d\u2019un de ses romans. &nbsp; La Maison [&hellip;]<\/p>\n","protected":false},"author":1,"featured_media":0,"parent":0,"menu_order":0,"comment_status":"closed","ping_status":"closed","template":"","meta":{"ngg_post_thumbnail":0,"footnotes":""},"class_list":["post-668","page","type-page","status-publish","hentry"],"_links":{"self":[{"href":"https:\/\/lpctour.fr\/2025\/td\/hafssa\/wp-json\/wp\/v2\/pages\/668","targetHints":{"allow":["GET"]}}],"collection":[{"href":"https:\/\/lpctour.fr\/2025\/td\/hafssa\/wp-json\/wp\/v2\/pages"}],"about":[{"href":"https:\/\/lpctour.fr\/2025\/td\/hafssa\/wp-json\/wp\/v2\/types\/page"}],"author":[{"embeddable":true,"href":"https:\/\/lpctour.fr\/2025\/td\/hafssa\/wp-json\/wp\/v2\/users\/1"}],"replies":[{"embeddable":true,"href":"https:\/\/lpctour.fr\/2025\/td\/hafssa\/wp-json\/wp\/v2\/comments?post=668"}],"version-history":[{"count":8,"href":"https:\/\/lpctour.fr\/2025\/td\/hafssa\/wp-json\/wp\/v2\/pages\/668\/revisions"}],"predecessor-version":[{"id":1113,"href":"https:\/\/lpctour.fr\/2025\/td\/hafssa\/wp-json\/wp\/v2\/pages\/668\/revisions\/1113"}],"wp:attachment":[{"href":"https:\/\/lpctour.fr\/2025\/td\/hafssa\/wp-json\/wp\/v2\/media?parent=668"}],"curies":[{"name":"wp","href":"https:\/\/api.w.org\/{rel}","templated":true}]}}

<hr data-start="469" data-end="472">
<h3 style="text-align: center;" data-start="474" data-end="524"><strong data-start="478" data-end="524">Amiens et Jules Vernes <img loading="lazy" decoding="async" class="alignright wp-image-675 " src="https://lpctour.fr/2025/td/hafssa/wp-content/uploads/2025/12/Jules-Verne-Wikipedia-214x300.jpg" alt="Portrait sympathique de Jules Verne " width="165" height="231" srcset="https://lpctour.fr/2025/td/hafssa/wp-content/uploads/2025/12/Jules-Verne-Wikipedia-214x300.jpg 214w, https://lpctour.fr/2025/td/hafssa/wp-content/uploads/2025/12/Jules-Verne-Wikipedia.jpg 440w" sizes="auto, (max-width: 165px) 100vw, 165px" /></strong></h3>
<p style="text-align: left;" data-start="314" data-end="605">Je vous présente Amiens, une ville où j’ai ressenti une vraie connexion avec Jules Verne, mon auteur préféré. Dès que j’ai posé le pied dans les ruelles de Saint-Leu, traversé les canaux et admiré la majestueuse cathédrale, j’ai eu l’impression de marcher à l’intérieur d’un de ses romans.</p>
<p data-start="314" data-end="605"><img loading="lazy" decoding="async" class="alignleft wp-image-676 size-thumbnail" src="https://lpctour.fr/2025/td/hafssa/wp-content/uploads/2025/12/Amiens-France-150x150.jpg" alt="Cathédrale d'Amiens " width="150" height="150"></p>
<p data-start="314" data-end="605">&nbsp;</p>
<p style="text-align: left;" data-start="607" data-end="870">La Maison de Jules Verne est un passage obligé : on y sent son amour des voyages, des sciences et de l’aventure à chaque coin de pièce. Pour moi, Amiens n’est pas juste une ville à visiter, c’est un endroit où le réel et l’imaginaire se rencontrent joyeusement.</p>
<p data-start="607" data-end="870">&nbsp;</p>
<p data-start="607" data-end="870">&nbsp;</p>
<p style="text-align: left;" data-start="607" data-end="870">Entre balades ans le quartier historique, promenades au fil de l’eau et découvertes culturelles, chaque pas rappelle pourquoi la littérature peut rendre le monde plus magique. Et puis, soyons honnêtes, suivre les&nbsp;pas de Jules Verne, c’est un peu comme partir à l’aventure sans quitter la terre ferme !<img loading="lazy" decoding="async" class="alignright wp-image-674 size-thumbnail" src="https://lpctour.fr/2025/td/hafssa/wp-content/uploads/2025/12/Hortillonnages-dAmiens-150x150.jpg" alt="" width="150" height="150"></p>
<p style="text-align: left;" data-start="872" data-end="1176">Entre patrimoine historique et héritage littéraire, Amiens offre une balade où la réalité et la fiction se mêlent naturellement.</p>
<p data-start="872" data-end="1176">&nbsp;</p>
<p data-start="872" data-end="1176">&nbsp;</p>
<blockquote data-start="1475" data-end="1592">
<p data-start="1477" data-end="1592"><em data-start="1477" data-end="1574">« Tout ce qu’un homme est capable d’imaginer, d’autres hommes seront capables de le réaliser. »</em><br data-start="1574" data-end="1577">— Jules Verne</p>
</blockquote>
<hr>
<p data-start="1477" data-end="1592">Je vous propose un circuit d’une journée à Amiens, qui permet de découvrir la ville tout en suivant les traces de Jules Verne.</p>
<p data-start="1477" data-end="1592"><a href="https://lpctour.fr/2025/td/hafssa/wp-content/uploads/2026/01/Amiens-borchure.pdf">Circuit &#8211; séjour Amiens </a></p>

<p>Amiens et Jules Vernes Je vous présente Amiens, une ville où j’ai ressenti une vraie connexion avec Jules Verne, mon auteur préféré. Dès que j’ai posé le pied dans les ruelles de Saint-Leu, traversé les canaux et admiré la majestueuse cathédrale, j’ai eu l’impression de marcher à l’intérieur d’un de ses romans. &nbsp; La Maison [&hellip;]</p>
