{"id":145,"date":"2026-01-09T10:29:41","date_gmt":"2026-01-09T09:29:41","guid":{"rendered":"https:\/\/lpctour.fr\/2025\/td\/lisa\/?page_id=145"},"modified":"2026-01-09T10:54:10","modified_gmt":"2026-01-09T09:54:10","slug":"%f0%9f%8c%baa-propos-solencia%f0%9f%8c%ba","status":"publish","type":"page","link":"https:\/\/lpctour.fr\/2025\/td\/lisa\/%f0%9f%8c%baa-propos-solencia%f0%9f%8c%ba\/","title":{"rendered":"\ud83c\udf3a\u00c0 propos Solencia\ud83c\udf3a"},"content":{"rendered":"<h2 data-start=\"179\" data-end=\"203\"><span style=\"font-family: 'times new roman', times, serif; color: #ff99cc;\"><strong data-start=\"182\" data-end=\"203\">Notre philosophie<\/strong><\/span><\/h2>\n<p data-start=\"204\" data-end=\"452\"><span style=\"font-family: 'times new roman', times, serif;\">Chez Solencia, nous r\u00e9inventons l\u2019art du voyage en offrant des exp\u00e9riences rares, \u00e9l\u00e9gantes et parfaitement personnalis\u00e9es.<\/span><br data-start=\"331\" data-end=\"334\" \/><span style=\"font-family: 'times new roman', times, serif;\">Nous pensons que chaque d\u00e9placement doit devenir un moment d\u2019exception : fluide, inspirant, et profond\u00e9ment m\u00e9morable.<\/span><\/p>\n<hr data-start=\"454\" data-end=\"457\" \/>\n<h2 data-start=\"459\" data-end=\"479\"><span style=\"font-family: 'times new roman', times, serif; color: #ff99cc;\"><strong data-start=\"462\" data-end=\"479\">Notre mission<\/strong><\/span><\/h2>\n<p data-start=\"480\" data-end=\"649\"><span style=\"font-family: 'times new roman', times, serif;\">Cr\u00e9er des voyages sur-mesure qui allient raffinement, authenticit\u00e9 et confort absolu, pour une client\u00e8le exigeante en qu\u00eate d\u2019\u00e9motions uniques et de s\u00e9r\u00e9nit\u00e9 totale.<\/span><\/p>\n<hr data-start=\"651\" data-end=\"654\" \/>\n<h2 data-start=\"656\" data-end=\"675\"><span style=\"font-family: 'times new roman', times, serif; color: #ff99cc;\"><strong data-start=\"659\" data-end=\"675\">Notre vision<\/strong><\/span><\/h2>\n<p data-start=\"676\" data-end=\"850\"><span style=\"font-family: 'times new roman', times, serif;\">\u00catre la r\u00e9f\u00e9rence du voyage d\u2019exception, o\u00f9 chaque d\u00e9tail compte, o\u00f9 chaque itin\u00e9raire raconte une histoire, et o\u00f9 chaque destination est r\u00e9v\u00e9l\u00e9e sous son plus beau jour.<\/span><\/p>\n<hr data-start=\"852\" data-end=\"855\" \/>\n<h2 data-start=\"857\" data-end=\"875\"><span style=\"font-family: 'times new roman', times, serif; color: #ff99cc;\"><strong data-start=\"860\" data-end=\"875\">Nos valeurs<\/strong><\/span><\/h2>\n<h3 data-start=\"877\" data-end=\"896\"><\/h3>\n<h3 data-start=\"877\" data-end=\"896\"><span style=\"font-family: 'times new roman', times, serif;\"><strong><em><span style=\"font-size: 12pt;\">Exclusivit\u00e9<\/span><\/em><\/strong><\/span><\/h3>\n<p data-start=\"897\" data-end=\"999\"><span style=\"font-family: 'times new roman', times, serif;\">Des exp\u00e9riences rares, des acc\u00e8s privil\u00e9gi\u00e9s et des partenaires prestigieux s\u00e9lectionn\u00e9s avec rigueur.<\/span><\/p>\n<h3 data-start=\"1001\" data-end=\"1017\"><\/h3>\n<h3 data-start=\"1001\" data-end=\"1017\"><span style=\"font-family: 'times new roman', times, serif;\"><strong><em><span style=\"font-size: 12pt;\">\u00c9l\u00e9gance<\/span><\/em><\/strong><\/span><\/h3>\n<p data-start=\"1018\" data-end=\"1111\"><span style=\"font-family: 'times new roman', times, serif;\">Une esth\u00e9tique coh\u00e9rente, une approche soign\u00e9e et une exigence constante du beau et du juste.<\/span><\/p>\n<h3 data-start=\"1113\" data-end=\"1129\"><\/h3>\n<h3 data-start=\"1113\" data-end=\"1129\"><span style=\"font-family: 'times new roman', times, serif;\"><em><span style=\"font-size: 12pt;\"><strong data-start=\"1117\" data-end=\"1129\">S\u00e9r\u00e9nit\u00e9<\/strong><\/span><\/em><\/span><\/h3>\n<p data-start=\"1130\" data-end=\"1277\"><span style=\"font-family: 'times new roman', times, serif;\">Un accompagnement discret et complet, avant, pendant et apr\u00e8s le voyage pour que vos seules pr\u00e9occupations soient l\u2019\u00e9merveillement et la d\u00e9tente.<\/span><\/p>\n<h3 data-start=\"1279\" data-end=\"1299\"><\/h3>\n<h3 data-start=\"1279\" data-end=\"1299\"><span style=\"font-size: 12pt; font-family: 'times new roman', times, serif;\"><em><strong data-start=\"1283\" data-end=\"1299\">Authenticit\u00e9<\/strong><\/em><\/span><\/h3>\n<p data-start=\"1300\" data-end=\"1392\"><span style=\"font-family: 'times new roman', times, serif;\">Des rencontres, des lieux et des moments qui r\u00e9v\u00e8lent l\u2019\u00e2me v\u00e9ritable de chaque destination.<\/span><\/p>\n<hr data-start=\"1394\" data-end=\"1397\" \/>\n<h2 data-start=\"1399\" data-end=\"1418\"><span style=\"font-family: 'times new roman', times, serif; color: #ff99cc;\"><strong data-start=\"1402\" data-end=\"1418\">Nos services<\/strong><\/span><\/h2>\n<h3 data-start=\"1420\" data-end=\"1446\"><\/h3>\n<h3 data-start=\"1420\" data-end=\"1446\"><span style=\"font-size: 12pt; font-family: 'times new roman', times, serif;\"><em><strong data-start=\"1424\" data-end=\"1446\">Voyages sur-mesure<\/strong><\/em><\/span><\/h3>\n<p data-start=\"1447\" data-end=\"1567\"><span style=\"font-family: 'times new roman', times, serif;\">Des itin\u00e9raires enti\u00e8rement personnalis\u00e9s, cr\u00e9\u00e9s en fonction de vos envies, de votre rythme et de votre style de voyage.<\/span><\/p>\n<h3 data-start=\"1569\" data-end=\"1598\"><\/h3>\n<h3 data-start=\"1569\" data-end=\"1598\"><span style=\"font-size: 12pt; font-family: 'times new roman', times, serif;\"><em><strong data-start=\"1573\" data-end=\"1598\">S\u00e9jours haut de gamme<\/strong><\/em><\/span><\/h3>\n<p data-start=\"1599\" data-end=\"1726\"><span style=\"font-family: 'times new roman', times, serif;\">Villas priv\u00e9es, h\u00f4tels d\u2019exception, lodges exclusifs, retraites intimistes : nous s\u00e9lectionnons pour vous le meilleur du monde.<\/span><\/p>\n<h3 data-start=\"1728\" data-end=\"1763\"><\/h3>\n<h3 data-start=\"1728\" data-end=\"1763\"><span style=\"font-size: 12pt; font-family: 'times new roman', times, serif;\"><em><strong data-start=\"1732\" data-end=\"1763\">Exp\u00e9riences exceptionnelles<\/strong><\/em><\/span><\/h3>\n<p data-start=\"1764\" data-end=\"1928\"><span style=\"font-family: 'times new roman', times, serif;\">D\u00eener priv\u00e9 au pied d\u2019un site class\u00e9, safari confidentiel, croisi\u00e8re sur yacht, rencontre avec des artisans locaux\u2026<\/span><br data-start=\"1879\" data-end=\"1882\" \/><span style=\"font-family: 'times new roman', times, serif;\">Chaque exp\u00e9rience est pens\u00e9e pour \u00eatre unique.<\/span><\/p>\n<h3 data-start=\"1930\" data-end=\"1955\"><\/h3>\n<h3 data-start=\"1930\" data-end=\"1955\"><span style=\"font-size: 12pt; font-family: 'times new roman', times, serif;\"><em><strong data-start=\"1934\" data-end=\"1955\">Conciergerie 24\/7<\/strong><\/em><\/span><\/h3>\n<p data-start=\"1956\" data-end=\"2046\"><span style=\"font-family: 'times new roman', times, serif;\">Une assistance flexible, r\u00e9active et discr\u00e8te, pour un voyage sans impr\u00e9vu et sans stress.<\/span><\/p>\n<hr data-start=\"2048\" data-end=\"2051\" \/>\n<h2 data-start=\"2053\" data-end=\"2079\"><span style=\"font-family: 'times new roman', times, serif; color: #ff99cc;\"><strong data-start=\"2056\" data-end=\"2079\">Pourquoi Solencia ?<\/strong><\/span><\/h2>\n<p data-start=\"2080\" data-end=\"2234\"><span style=\"font-family: 'times new roman', times, serif;\">Parce que nous ne cr\u00e9ons pas simplement des voyages.<\/span><br data-start=\"2132\" data-end=\"2135\" \/><span style=\"font-family: 'times new roman', times, serif;\">Nous cr\u00e9ons des instants pr\u00e9cieux, des souvenirs d\u2019une finesse rare et des \u00e9motions qui durent.<\/span><\/p>\n<h3 data-start=\"105\" data-end=\"137\"><span style=\"color: #ff99cc;\">\ud83d\udccd Adresse du si\u00e8ge social<\/span><\/h3>\n<p data-start=\"138\" data-end=\"197\"><strong data-start=\"138\" data-end=\"150\">Solencia<\/strong><br data-start=\"150\" data-end=\"153\" \/>18 avenue Montaigne<br data-start=\"172\" data-end=\"175\" \/>75008 Paris<br data-start=\"186\" data-end=\"189\" \/>France<\/p>\n<p><span style=\"color: #ff99cc;\"><strong><span style=\"font-size: 14pt;\">\ud83d\udce7 Adresse e-mail de contact<\/span><\/strong><\/span><\/p>\n<p>reservations@solencia-voyages.com<\/p>\n<p><img loading=\"lazy\" decoding=\"async\" class=\"alignnone size-medium wp-image-156\" src=\"https:\/\/lpctour.fr\/2025\/td\/lisa\/wp-content\/uploads\/2026\/01\/Carte-numerique-de-Solencia-a-Paris-300x200.png\" alt=\"\" width=\"300\" height=\"200\" srcset=\"https:\/\/lpctour.fr\/2025\/td\/lisa\/wp-content\/uploads\/2026\/01\/Carte-numerique-de-Solencia-a-Paris-300x200.png 300w, https:\/\/lpctour.fr\/2025\/td\/lisa\/wp-content\/uploads\/2026\/01\/Carte-numerique-de-Solencia-a-Paris-1024x683.png 1024w, https:\/\/lpctour.fr\/2025\/td\/lisa\/wp-content\/uploads\/2026\/01\/Carte-numerique-de-Solencia-a-Paris-768x512.png 768w, https:\/\/lpctour.fr\/2025\/td\/lisa\/wp-content\/uploads\/2026\/01\/Carte-numerique-de-Solencia-a-Paris-1140x760.png 1140w, https:\/\/lpctour.fr\/2025\/td\/lisa\/wp-content\/uploads\/2026\/01\/Carte-numerique-de-Solencia-a-Paris.png 1536w\" sizes=\"auto, (max-width: 300px) 100vw, 300px\" \/><\/p>\n<p>&nbsp;<\/p>\n<p data-start=\"2236\" data-end=\"2272\"><span style=\"font-size: 18pt; font-family: 'times new roman', times, serif; color: #ff99cc;\"><em><strong data-start=\"2236\" data-end=\"2272\">Solencia, L\u2019\u00e9vasion r\u00e9invent\u00e9e.<\/strong><\/em><\/span><\/p>\n","protected":false},"excerpt":{"rendered":"<p>Notre philosophie Chez Solencia, nous r\u00e9inventons l\u2019art du voyage en offrant des exp\u00e9riences rares, \u00e9l\u00e9gantes et parfaitement personnalis\u00e9es.Nous pensons que chaque d\u00e9placement doit devenir un moment d\u2019exception : fluide, inspirant, et profond\u00e9ment m\u00e9morable. Notre mission Cr\u00e9er des voyages sur-mesure qui allient raffinement, authenticit\u00e9 et confort absolu, pour une client\u00e8le exigeante en qu\u00eate d\u2019\u00e9motions uniques et de s\u00e9r\u00e9nit\u00e9 totale. Notre vision \u00catre la r\u00e9f\u00e9rence du voyage d\u2019exception, o\u00f9 chaque d\u00e9tail compte, o\u00f9 chaque itin\u00e9raire raconte une histoire, et o\u00f9 chaque destination est r\u00e9v\u00e9l\u00e9e sous son plus beau jour. Nos valeurs Exclusivit\u00e9 Des exp\u00e9riences rares, des acc\u00e8s privil\u00e9gi\u00e9s et des partenaires prestigieux s\u00e9lectionn\u00e9s avec rigueur. \u00c9l\u00e9gance Une esth\u00e9tique coh\u00e9rente, une approche soign\u00e9e et une exigence constante du beau et du juste. S\u00e9r\u00e9nit\u00e9 Un accompagnement discret et complet, avant, pendant et apr\u00e8s le voyage pour que vos seules pr\u00e9occupations soient l\u2019\u00e9merveillement et la d\u00e9tente. Authenticit\u00e9 Des rencontres, des lieux et des moments qui r\u00e9v\u00e8lent l\u2019\u00e2me v\u00e9ritable de chaque destination. Nos services Voyages sur-mesure Des itin\u00e9raires enti\u00e8rement personnalis\u00e9s, cr\u00e9\u00e9s en fonction de vos envies, de votre rythme et de votre style de voyage. S\u00e9jours haut de gamme Villas priv\u00e9es, h\u00f4tels d\u2019exception, lodges exclusifs, retraites intimistes : nous s\u00e9lectionnons pour vous le meilleur du monde. Exp\u00e9riences exceptionnelles D\u00eener priv\u00e9 au pied d\u2019un site class\u00e9, safari confidentiel, croisi\u00e8re sur yacht, rencontre avec des artisans locaux\u2026Chaque exp\u00e9rience est pens\u00e9e pour \u00eatre unique. Conciergerie 24\/7 Une assistance flexible, r\u00e9active et discr\u00e8te, pour un voyage sans impr\u00e9vu et sans stress. Pourquoi Solencia ? Parce que nous ne cr\u00e9ons pas simplement des voyages.Nous cr\u00e9ons des instants pr\u00e9cieux, des souvenirs d\u2019une finesse rare et des \u00e9motions qui durent. \ud83d\udccd Adresse du si\u00e8ge social Solencia18 avenue Montaigne75008 ParisFrance \ud83d\udce7 Adresse e-mail de contact reservations@solencia-voyages.com &nbsp; Solencia, L\u2019\u00e9vasion r\u00e9invent\u00e9e.<\/p>\n","protected":false},"author":1,"featured_media":0,"parent":0,"menu_order":0,"comment_status":"closed","ping_status":"closed","template":"","meta":{"footnotes":""},"class_list":["post-145","page","type-page","status-publish","hentry"],"_links":{"self":[{"href":"https:\/\/lpctour.fr\/2025\/td\/lisa\/wp-json\/wp\/v2\/pages\/145","targetHints":{"allow":["GET"]}}],"collection":[{"href":"https:\/\/lpctour.fr\/2025\/td\/lisa\/wp-json\/wp\/v2\/pages"}],"about":[{"href":"https:\/\/lpctour.fr\/2025\/td\/lisa\/wp-json\/wp\/v2\/types\/page"}],"author":[{"embeddable":true,"href":"https:\/\/lpctour.fr\/2025\/td\/lisa\/wp-json\/wp\/v2\/users\/1"}],"replies":[{"embeddable":true,"href":"https:\/\/lpctour.fr\/2025\/td\/lisa\/wp-json\/wp\/v2\/comments?post=145"}],"version-history":[{"count":5,"href":"https:\/\/lpctour.fr\/2025\/td\/lisa\/wp-json\/wp\/v2\/pages\/145\/revisions"}],"predecessor-version":[{"id":157,"href":"https:\/\/lpctour.fr\/2025\/td\/lisa\/wp-json\/wp\/v2\/pages\/145\/revisions\/157"}],"wp:attachment":[{"href":"https:\/\/lpctour.fr\/2025\/td\/lisa\/wp-json\/wp\/v2\/media?parent=145"}],"curies":[{"name":"wp","href":"https:\/\/api.w.org\/{rel}","templated":true}]}}