{"id":149,"date":"2026-01-09T10:38:14","date_gmt":"2026-01-09T09:38:14","guid":{"rendered":"https:\/\/lpctour.fr\/2025\/td\/lisa\/?page_id=149"},"modified":"2026-01-09T11:26:01","modified_gmt":"2026-01-09T10:26:01","slug":"politique-de-confidentialite","status":"publish","type":"page","link":"https:\/\/lpctour.fr\/2025\/td\/lisa\/politique-de-confidentialite\/","title":{"rendered":"Politique de confidentialit\u00e9 \ud83d\udd0f"},"content":{"rendered":"\r\n<p>Chez <strong>Solencia<\/strong>, la protection de vos donn\u00e9es personnelles est une priorit\u00e9. La pr\u00e9sente politique de confidentialit\u00e9 a pour objectif de vous informer de mani\u00e8re claire et transparente sur la mani\u00e8re dont nous collectons, utilisons et prot\u00e9geons vos donn\u00e9es personnelles lorsque vous utilisez notre site internet.<\/p>\r\n<hr \/>\r\n<h2 class=\"wp-block-heading\"><span style=\"color: #ff99cc;\">1. Responsable du traitement<\/span><\/h2>\r\n<p>Le responsable du traitement des donn\u00e9es est :<\/p>\r\n<p><strong>Solencia<\/strong><br \/>Agence de voyage sur-mesure<\/p>\r\n<h3 data-start=\"105\" data-end=\"137\"><span style=\"color: #ff99cc;\">\ud83d\udccd Adresse du si\u00e8ge social<\/span><\/h3>\r\n<p data-start=\"138\" data-end=\"197\"><strong data-start=\"138\" data-end=\"150\">Solencia<\/strong><br data-start=\"150\" data-end=\"153\" \/>18 avenue Montaigne<br data-start=\"172\" data-end=\"175\" \/>75008 Paris<br data-start=\"186\" data-end=\"189\" \/>France<\/p>\r\n<p data-start=\"138\" data-end=\"197\"><img loading=\"lazy\" decoding=\"async\" class=\"alignnone size-medium wp-image-156\" src=\"https:\/\/lpctour.fr\/2025\/td\/lisa\/wp-content\/uploads\/2026\/01\/Carte-numerique-de-Solencia-a-Paris-300x200.png\" alt=\"\" width=\"300\" height=\"200\" srcset=\"https:\/\/lpctour.fr\/2025\/td\/lisa\/wp-content\/uploads\/2026\/01\/Carte-numerique-de-Solencia-a-Paris-300x200.png 300w, https:\/\/lpctour.fr\/2025\/td\/lisa\/wp-content\/uploads\/2026\/01\/Carte-numerique-de-Solencia-a-Paris-1024x683.png 1024w, https:\/\/lpctour.fr\/2025\/td\/lisa\/wp-content\/uploads\/2026\/01\/Carte-numerique-de-Solencia-a-Paris-768x512.png 768w, https:\/\/lpctour.fr\/2025\/td\/lisa\/wp-content\/uploads\/2026\/01\/Carte-numerique-de-Solencia-a-Paris-1140x760.png 1140w, https:\/\/lpctour.fr\/2025\/td\/lisa\/wp-content\/uploads\/2026\/01\/Carte-numerique-de-Solencia-a-Paris.png 1536w\" sizes=\"auto, (max-width: 300px) 100vw, 300px\" \/><\/p>\r\n<p><span style=\"color: #ff99cc;\"><strong><span style=\"font-size: 14pt;\">\ud83d\udce7 Adresse e-mail de contact<\/span><\/strong><\/span><\/p>\r\n<p>reservations@solencia-voyages.com<\/p>\r\n<hr \/>\r\n<h2><span style=\"color: #ff99cc;\">2. Donn\u00e9es personnelles collect\u00e9es<\/span><\/h2>\r\n<p>Nous pouvons \u00eatre amen\u00e9s \u00e0 collecter les donn\u00e9es suivantes :<\/p>\r\n<ul>\r\n<li>\r\n<p>Nom et pr\u00e9nom<\/p>\r\n<\/li>\r\n<li>\r\n<p>Adresse e-mail<\/p>\r\n<\/li>\r\n<li>\r\n<p>Num\u00e9ro de t\u00e9l\u00e9phone<\/p>\r\n<\/li>\r\n<li>\r\n<p>Informations communiqu\u00e9es via le formulaire de contact (projet de voyage, pr\u00e9f\u00e9rences, messages)<\/p>\r\n<\/li>\r\n<li>\r\n<p>Donn\u00e9es de navigation (cookies, adresse IP, type de navigateur, pages consult\u00e9es)<\/p>\r\n<\/li>\r\n<\/ul>\r\n<p>Ces donn\u00e9es sont collect\u00e9es uniquement lorsque vous les communiquez volontairement ou lors de votre navigation sur notre site.<\/p>\r\n<hr \/>\r\n<h2><span style=\"color: #ff99cc;\">3. Finalit\u00e9s du traitement<\/span><\/h2>\r\n<p>Les donn\u00e9es personnelles collect\u00e9es sont utilis\u00e9es pour :<\/p>\r\n<ul>\r\n<li>\r\n<p>R\u00e9pondre \u00e0 vos demandes de contact et de devis<\/p>\r\n<\/li>\r\n<li>\r\n<p>Cr\u00e9er et personnaliser<\/p>\r\n<\/li>\r\n<\/ul>","protected":false},"excerpt":{"rendered":"<p>Chez Solencia, la protection de vos donn\u00e9es personnelles est une priorit\u00e9. La pr\u00e9sente politique de confidentialit\u00e9 a pour objectif de vous informer de mani\u00e8re claire et transparente sur la mani\u00e8re dont nous collectons, utilisons et prot\u00e9geons vos donn\u00e9es personnelles lorsque vous utilisez notre site internet. 1. Responsable du traitement Le responsable du traitement des donn\u00e9es est : SolenciaAgence de voyage sur-mesure \ud83d\udccd Adresse du si\u00e8ge social Solencia18 avenue Montaigne75008 ParisFrance \ud83d\udce7 Adresse e-mail de contact reservations@solencia-voyages.com 2. Donn\u00e9es personnelles collect\u00e9es Nous pouvons \u00eatre amen\u00e9s \u00e0 collecter les donn\u00e9es suivantes : Nom et pr\u00e9nom Adresse e-mail Num\u00e9ro de t\u00e9l\u00e9phone Informations communiqu\u00e9es via le formulaire de contact (projet de voyage, pr\u00e9f\u00e9rences, messages) Donn\u00e9es de navigation (cookies, adresse IP, type de navigateur, pages consult\u00e9es) Ces donn\u00e9es sont collect\u00e9es uniquement lorsque vous les communiquez volontairement ou lors de votre navigation sur notre site. 3. Finalit\u00e9s du traitement Les donn\u00e9es personnelles collect\u00e9es sont utilis\u00e9es pour : R\u00e9pondre \u00e0 vos demandes de contact et de devis Cr\u00e9er et personnaliser<\/p>\n","protected":false},"author":1,"featured_media":0,"parent":0,"menu_order":0,"comment_status":"closed","ping_status":"closed","template":"","meta":{"footnotes":""},"class_list":["post-149","page","type-page","status-publish","hentry"],"_links":{"self":[{"href":"https:\/\/lpctour.fr\/2025\/td\/lisa\/wp-json\/wp\/v2\/pages\/149","targetHints":{"allow":["GET"]}}],"collection":[{"href":"https:\/\/lpctour.fr\/2025\/td\/lisa\/wp-json\/wp\/v2\/pages"}],"about":[{"href":"https:\/\/lpctour.fr\/2025\/td\/lisa\/wp-json\/wp\/v2\/types\/page"}],"author":[{"embeddable":true,"href":"https:\/\/lpctour.fr\/2025\/td\/lisa\/wp-json\/wp\/v2\/users\/1"}],"replies":[{"embeddable":true,"href":"https:\/\/lpctour.fr\/2025\/td\/lisa\/wp-json\/wp\/v2\/comments?post=149"}],"version-history":[{"count":4,"href":"https:\/\/lpctour.fr\/2025\/td\/lisa\/wp-json\/wp\/v2\/pages\/149\/revisions"}],"predecessor-version":[{"id":158,"href":"https:\/\/lpctour.fr\/2025\/td\/lisa\/wp-json\/wp\/v2\/pages\/149\/revisions\/158"}],"wp:attachment":[{"href":"https:\/\/lpctour.fr\/2025\/td\/lisa\/wp-json\/wp\/v2\/media?parent=149"}],"curies":[{"name":"wp","href":"https:\/\/api.w.org\/{rel}","templated":true}]}}

Politique de confidentialité 🔏

<p>Chez <strong>Solencia</strong>, la protection de vos données personnelles est une priorité. La présente politique de confidentialité a pour objectif de vous informer de manière claire et transparente sur la manière dont nous collectons, utilisons et protégeons vos données personnelles lorsque vous utilisez notre site internet.</p>
<hr />
<h2 class="wp-block-heading"><span style="color: #ff99cc;">1. Responsable du traitement</span></h2>
<p>Le responsable du traitement des données est :</p>
<p><strong>Solencia</strong><br />Agence de voyage sur-mesure</p>
<h3 data-start="105" data-end="137"><span style="color: #ff99cc;">📍 Adresse du siège social</span></h3>
<p data-start="138" data-end="197"><strong data-start="138" data-end="150">Solencia</strong><br data-start="150" data-end="153" />18 avenue Montaigne<br data-start="172" data-end="175" />75008 Paris<br data-start="186" data-end="189" />France</p>
<p data-start="138" data-end="197"><img loading="lazy" decoding="async" class="alignnone size-medium wp-image-156" src="https://lpctour.fr/2025/td/lisa/wp-content/uploads/2026/01/Carte-numerique-de-Solencia-a-Paris-300x200.png" alt="" width="300" height="200" srcset="https://lpctour.fr/2025/td/lisa/wp-content/uploads/2026/01/Carte-numerique-de-Solencia-a-Paris-300x200.png 300w, https://lpctour.fr/2025/td/lisa/wp-content/uploads/2026/01/Carte-numerique-de-Solencia-a-Paris-1024x683.png 1024w, https://lpctour.fr/2025/td/lisa/wp-content/uploads/2026/01/Carte-numerique-de-Solencia-a-Paris-768x512.png 768w, https://lpctour.fr/2025/td/lisa/wp-content/uploads/2026/01/Carte-numerique-de-Solencia-a-Paris-1140x760.png 1140w, https://lpctour.fr/2025/td/lisa/wp-content/uploads/2026/01/Carte-numerique-de-Solencia-a-Paris.png 1536w" sizes="auto, (max-width: 300px) 100vw, 300px" /></p>
<p><span style="color: #ff99cc;"><strong><span style="font-size: 14pt;">📧 Adresse e-mail de contact</span></strong></span></p>
<p>reservations@solencia-voyages.com</p>
<hr />
<h2><span style="color: #ff99cc;">2. Données personnelles collectées</span></h2>
<p>Nous pouvons être amenés à collecter les données suivantes :</p>
<ul>
<li>
<p>Nom et prénom</p>
</li>
<li>
<p>Adresse e-mail</p>
</li>
<li>
<p>Numéro de téléphone</p>
</li>
<li>
<p>Informations communiquées via le formulaire de contact (projet de voyage, préférences, messages)</p>
</li>
<li>
<p>Données de navigation (cookies, adresse IP, type de navigateur, pages consultées)</p>
</li>
</ul>
<p>Ces données sont collectées uniquement lorsque vous les communiquez volontairement ou lors de votre navigation sur notre site.</p>
<hr />
<h2><span style="color: #ff99cc;">3. Finalités du traitement</span></h2>
<p>Les données personnelles collectées sont utilisées pour :</p>
<ul>
<li>
<p>Répondre à vos demandes de contact et de devis</p>
</li>
<li>
<p>Créer et personnaliser</p>
</li>
</ul>

<p>Chez Solencia, la protection de vos données personnelles est une priorité. La présente politique de confidentialité a pour objectif de vous informer de manière claire et transparente sur la manière dont nous collectons, utilisons et protégeons vos données personnelles lorsque vous utilisez notre site internet. 1. Responsable du traitement Le responsable du traitement des données est : SolenciaAgence de voyage sur-mesure 📍 Adresse du siège social Solencia18 avenue Montaigne75008 ParisFrance 📧 Adresse e-mail de contact reservations@solencia-voyages.com 2. Données personnelles collectées Nous pouvons être amenés à collecter les données suivantes : Nom et prénom Adresse e-mail Numéro de téléphone Informations communiquées via le formulaire de contact (projet de voyage, préférences, messages) Données de navigation (cookies, adresse IP, type de navigateur, pages consultées) Ces données sont collectées uniquement lorsque vous les communiquez volontairement ou lors de votre navigation sur notre site. 3. Finalités du traitement Les données personnelles collectées sont utilisées pour : Répondre à vos demandes de contact et de devis Créer et personnaliser</p>
