{"id":17,"date":"2025-11-28T11:29:57","date_gmt":"2025-11-28T10:29:57","guid":{"rendered":"https:\/\/lpctour.buchon.fr\/2025\/td\/manon\/?page_id=17"},"modified":"2025-12-19T11:26:51","modified_gmt":"2025-12-19T10:26:51","slug":"hotel","status":"publish","type":"page","link":"https:\/\/lpctour.fr\/2025\/td\/manon\/","title":{"rendered":""},"content":{"rendered":"<h1><span style=\"color: #99cc00;\">H\u00f4tel<\/span><\/h1>\n<p><img loading=\"lazy\" decoding=\"async\" class=\"alignnone size-medium wp-image-15\" src=\"https:\/\/lpctour.buchon.fr\/2025\/td\/manon\/wp-content\/uploads\/2025\/11\/2022_logo-Escale-Hotel-300x300.png\" alt=\"\" width=\"300\" height=\"300\" srcset=\"https:\/\/lpctour.fr\/2025\/td\/manon\/wp-content\/uploads\/2025\/11\/2022_logo-Escale-Hotel-300x300.png 300w, https:\/\/lpctour.fr\/2025\/td\/manon\/wp-content\/uploads\/2025\/11\/2022_logo-Escale-Hotel-150x150.png 150w, https:\/\/lpctour.fr\/2025\/td\/manon\/wp-content\/uploads\/2025\/11\/2022_logo-Escale-Hotel.png 592w\" sizes=\"auto, (max-width: 300px) 100vw, 300px\" \/><\/p>\n<div class=\"ccm-custom-style-container ccm-custom-style-main-1128 uk-margin-xlarge-bottom\">\n<h2><span style=\"color: #99cc00;\">L&rsquo;Escale au Cap Blanc Nez<\/span><\/h2>\n<p>Au c\u0153ur du village d&rsquo;Escalles, au pied du Cap Blanc Nez, l&rsquo;Escale est depuis son origine en 1958 le rendez-vous des amoureux de la nature.<\/p>\n<p>Assis en terrasse, dans notre salon, ou bien au chaud dans l\u2019une des 42 chambres, vous vous retrouvez ici chez vous. Sur la plage, la vue sur le Cap suscite les envies d&rsquo;\u00e9vasion. En salle le restaurant favorise la d\u00e9couverte du terroir au travers d&rsquo;une cuisine traditionnelle, tandis que l&rsquo;espace bien-\u00eatre invite \u00e0 un moment de relaxation total.<\/p>\n<p>En ce lieu, la qualit\u00e9 du service et le sens de l\u2019accueil r\u00e9v\u00e8lent l\u2019\u00e2me d&rsquo;une maison dans laquelle entre amis ou en famille, on oublie pour un instant ou une saison que l\u2019on n&rsquo;est plus chez soi.<\/p>\n<p><iframe loading=\"lazy\" style=\"border: 0;\" src=\"https:\/\/www.google.com\/maps\/embed?pb=!1m18!1m12!1m3!1d2515.309911970288!2d1.7105622767690225!3d50.91798387168529!2m3!1f0!2f0!3f0!3m2!1i1024!2i768!4f13.1!3m3!1m2!1s0x47dc3c9ddc5b6f4b%3A0x5d742ac695a87d6!2sH%C3%B4tel%20l'Escale%20-%20Piscine%20%26%20SPA%20-%20Cap%20Blanc%20Nez!5e0!3m2!1sfr!2sfr!4v1765535134404!5m2!1sfr!2sfr\" width=\"600\" height=\"450\" allowfullscreen=\"allowfullscreen\"><\/iframe><\/p>\n<\/div>\n<p>&nbsp;<\/p>\n<div class=\"ccm-custom-style-container ccm-custom-style-main-1129 uk-margin-xlarge-bottom\">\n<div class=\"o-coteo-container o-coteo-container--two-columns o-coteo-container--1129 uk-grid\">\n<div class=\"uk-width-1-2@m uk-first-column\">\n<h2><span style=\"color: #99cc00;\">Le Petit-d\u00e9jeuner \u00e0 L&rsquo;Escale<\/span><\/h2>\n<p>Le petit d\u00e9jeuner est le repas le plus important de la journ\u00e9e ! Il permet de faire le plein d&rsquo;\u00e9nergie pour partir du bon pied d\u00e8s le matin ! Alors pas question de le sauter ou d&rsquo;avaler une simple tasse de caf\u00e9 sur le pouce !<\/p>\n<p>Nous vous proposons un copieux petit-d\u00e9jeuner buffet servi tous les jours de 7h30 \u00e0 10h00.<\/p>\n<p>Au menu : caf\u00e9, chocolat, choix de th\u00e9s, jus de fruits, diff\u00e9rents pains et viennoiseries, cr\u00eapes, corbeille de fruits frais, salade de fruits, s\u00e9lection de fromages locaux, yaourts, plateau de charcuterie : jambons, bacon, saucisses et \u0153ufs selon votre go\u00fbt : brouill\u00e9s, dur ou \u00e0 la coque.<\/p>\n<h2><span style=\"color: #99cc00;\">Le Cap Blanc Nez<\/span><\/h2>\n<p>Le Cap Blanc-Nez est un cap situ\u00e9 \u00e0 Escalles dans le Pas-de-Calais, \u00e0 10 km de la ville de Calais et environ 25 km de Boulogne-sur-Mer. Il s&rsquo;agit de la falaise la plus au nord de France.<\/p>\n<p>Il est constitu\u00e9 de falaises escarp\u00e9es, constitu\u00e9es de craie blanche et de marn, son sommet culmine \u00e0 134 m\u00e8tres de haut.<\/p>\n<p>Il forme, avec le cap Gris-Nez situ\u00e9 10 km plus au sud, le Grand Site des Deux Caps, labellis\u00e9 Grand Site de France depuis 2011.<\/p>\n<p>Du sommet des falaises, admirez d&rsquo;un c\u00f4t\u00e9 l&rsquo;arri\u00e8re pays ou le jaune dominant des champs de colza, le vert cru des prairies et le rouge des coquelicots viennent l\u00e9cher les cr\u00eates d&rsquo;un paysage vallonn\u00e9.<\/p>\n<p>De l&rsquo;autre c\u00f4t\u00e9, profitez de la vue sur le D\u00e9troit du Pas-de-Calais, la Baie de Wissant et le Cap Gris Nez. Par jour de beau temps vous apercevrez les falaises des c\u00f4tes Anglaises .<\/p>\n<p>Ne manquez pas les superbes couchers de soleil qui attirent de nombreux peintres et photographes.<\/p>\n<picture><source srcset=\"https:\/\/www.hotel-lescale.com\/application\/files\/1816\/1236\/9099\/logo-les-deux-caps-gris-nez.jpg\" media=\"(min-width: 960px)\" \/><source srcset=\"https:\/\/www.hotel-lescale.com\/application\/files\/1816\/1236\/9099\/logo-les-deux-caps-gris-nez.jpg\" media=\"(min-width: 640px)\" \/><source srcset=\"https:\/\/www.hotel-lescale.com\/application\/files\/1816\/1236\/9099\/logo-les-deux-caps-gris-nez.jpg\" \/><img decoding=\"async\" src=\"https:\/\/www.hotel-lescale.com\/application\/files\/1816\/1236\/9099\/logo-les-deux-caps-gris-nez.jpg\" alt=\"logo-les-deux-caps-gris-nez.jpg\" \/><\/picture>\n<p><img loading=\"lazy\" decoding=\"async\" class=\"alignnone size-medium wp-image-95\" src=\"https:\/\/lpctour.buchon.fr\/2025\/td\/manon\/wp-content\/uploads\/2025\/12\/Capture-decran-2025-12-12-a-11.08.59-300x198.png\" alt=\"\" width=\"300\" height=\"198\" srcset=\"https:\/\/lpctour.fr\/2025\/td\/manon\/wp-content\/uploads\/2025\/12\/Capture-decran-2025-12-12-a-11.08.59-300x198.png 300w, https:\/\/lpctour.fr\/2025\/td\/manon\/wp-content\/uploads\/2025\/12\/Capture-decran-2025-12-12-a-11.08.59-1024x678.png 1024w, https:\/\/lpctour.fr\/2025\/td\/manon\/wp-content\/uploads\/2025\/12\/Capture-decran-2025-12-12-a-11.08.59-768x508.png 768w, https:\/\/lpctour.fr\/2025\/td\/manon\/wp-content\/uploads\/2025\/12\/Capture-decran-2025-12-12-a-11.08.59-1536x1016.png 1536w, https:\/\/lpctour.fr\/2025\/td\/manon\/wp-content\/uploads\/2025\/12\/Capture-decran-2025-12-12-a-11.08.59.png 1720w\" sizes=\"auto, (max-width: 300px) 100vw, 300px\" \/><\/p>\n<div class=\"ccm-custom-style-container ccm-custom-style-main-349 uk-margin-large\">\n<h2><span style=\"color: #99cc00;\">Loisirs et activit\u00e9s \u00e0 proximit\u00e9<\/span><\/h2>\n<p>Le village d&rsquo;Escalles\u00a0se caract\u00e9rise par son prestigieux Cap mais aussi par sa plage de galets et de sable fin (situ\u00e9e \u00e0 600 m\u00e8tres de l&rsquo;h\u00f4tel), ses nombreux sentiers de randonn\u00e9es p\u00e9destres et de VTT balis\u00e9s dont certains vous conduiront au point culminant des falaises.<\/p>\n<\/div>\n<h4><span style=\"color: #99cc00;\">Le village d&rsquo;Escalles est le point de d\u00e9part pour les amateurs de randonn\u00e9es.<\/span><\/h4>\n<p>Pour une balade sur la plage, rendez-vous au Cran d&rsquo;Escalles. A mar\u00e9e basse , c&rsquo;est une plage \u00e0 perte de vue qui s&rsquo;ouvre \u00e0 vous avec au loin une vue de la Baie de Wissant et du Cap Gris-Nez.<\/p>\n<p>Le GR 120 long de plus de 90 km longe toute la C\u00f4te d&rsquo;Opale. A partir d&rsquo;Escales, vous avez la possibilit\u00e9 de suivre le chemin surplombant la mer du haut des falaises en vous dirigeant vers Wissant.<\/p>\n<div class=\"ccm-custom-style-container ccm-custom-style-main-493\">\n<h4><span style=\"color: #99cc00;\">Une r\u00e9gion charg\u00e9e d&rsquo;histoire.<\/span><\/h4>\n<p>Replongez-vous dans un pass\u00e9 riche et tourment\u00e9 en visitant les mus\u00e9es de la r\u00e9gion.<\/p>\n<p>De nombreux mus\u00e9es se situent \u00e0 proximit\u00e9 de l&rsquo;h\u00f4tel, chacun \u00e9voquent des th\u00e8mes diff\u00e9rents allant des guerres mondiales, \u00e0 l&rsquo;art ou encore a la prestigieuse Dentelle de Calais.<\/p>\n<p>Profitez en \u00e9galement pour vous rendre au plus grand aquarium d&rsquo;Europe, Nausicaa.<\/p>\n<p>Plus d&rsquo;informations en cliquant sur les images ci-dessous :<\/p>\n<\/div>\n<div class=\"uk-flex uk-grid\">\n<div class=\"uk-width-1-4@s uk-first-column\">\n<div class=\"ccm-custom-style-container ccm-custom-style-main17-61\"><a href=\"http:\/\/www.lesdeuxcaps.fr\/\" target=\"_blank\" rel=\"noopener noreferrer\"><img loading=\"lazy\" decoding=\"async\" class=\"ccm-image-block img-fluid bID-61\" src=\"https:\/\/www.hotel-lescale.com\/application\/files\/7116\/1236\/9098\/logo-deux-caps.jpg\" alt=\"site web les deux caps cap blanc nez cap gris nez\" width=\"223\" height=\"120\" \/><\/a><a href=\"http:\/\/www.cite-dentelle.fr\/fr\/\" target=\"_blank\" rel=\"noopener noreferrer\"><img loading=\"lazy\" decoding=\"async\" class=\"ccm-image-block img-fluid bID-62\" src=\"https:\/\/www.hotel-lescale.com\/application\/files\/9916\/1236\/9099\/logo-cite-dentelle-calais.jpg\" alt=\"site web cit\u00e9 internationale dentelle mode calais\" width=\"271\" height=\"122\" \/><\/a><a href=\"http:\/\/www.nausicaa.fr\/\" target=\"_blank\" rel=\"noopener noreferrer\"><img loading=\"lazy\" decoding=\"async\" class=\"ccm-image-block img-fluid bID-63\" src=\"https:\/\/www.hotel-lescale.com\/application\/files\/2916\/1236\/9099\/logo-nausicaa-boulogne.jpg\" alt=\"site web aquarium nausicaa\" width=\"120\" height=\"120\" \/><\/a><a href=\"https:\/\/www.compagniedudragon.com\/\" target=\"_blank\" rel=\"noopener noreferrer\"><picture><source srcset=\"https:\/\/www.hotel-lescale.com\/application\/files\/8616\/1236\/9098\/logo-compagnie-dragon.jpg\" media=\"(min-width: 960px)\" \/><source srcset=\"https:\/\/www.hotel-lescale.com\/application\/files\/8616\/1236\/9098\/logo-compagnie-dragon.jpg\" media=\"(min-width: 640px)\" \/><source srcset=\"https:\/\/www.hotel-lescale.com\/application\/files\/8616\/1236\/9098\/logo-compagnie-dragon.jpg\" \/><img loading=\"lazy\" decoding=\"async\" class=\"ccm-image-block img-fluid bID-64\" src=\"https:\/\/www.hotel-lescale.com\/application\/files\/8616\/1236\/9098\/logo-compagnie-dragon.jpg\" alt=\"site web compagnie du dragon\" width=\"120\" height=\"120\" \/><\/picture><\/a><\/div>\n<\/div>\n<\/div>\n<\/div>\n<\/div>\n<\/div>\n","protected":false},"excerpt":{"rendered":"<p>H\u00f4tel L&rsquo;Escale au Cap Blanc Nez Au c\u0153ur du village d&rsquo;Escalles, au pied du Cap Blanc Nez, l&rsquo;Escale est depuis son origine en 1958 le rendez-vous des amoureux de la nature. Assis en terrasse, dans notre salon, ou bien au chaud dans l\u2019une des 42 chambres, vous vous retrouvez ici chez vous. Sur la plage, &#8230; <span class=\"more\"><a class=\"more-link\" href=\"https:\/\/lpctour.fr\/2025\/td\/manon\/\">[Read more&#8230;]<\/a><\/span><\/p>\n","protected":false},"author":1,"featured_media":72,"parent":0,"menu_order":0,"comment_status":"closed","ping_status":"closed","template":"","meta":{"footnotes":""},"class_list":{"0":"entry","1":"page","2":"publish","3":"author-manonrib","4":"post-17","6":"has-post-thumbnail"},"_links":{"self":[{"href":"https:\/\/lpctour.fr\/2025\/td\/manon\/wp-json\/wp\/v2\/pages\/17","targetHints":{"allow":["GET"]}}],"collection":[{"href":"https:\/\/lpctour.fr\/2025\/td\/manon\/wp-json\/wp\/v2\/pages"}],"about":[{"href":"https:\/\/lpctour.fr\/2025\/td\/manon\/wp-json\/wp\/v2\/types\/page"}],"author":[{"embeddable":true,"href":"https:\/\/lpctour.fr\/2025\/td\/manon\/wp-json\/wp\/v2\/users\/1"}],"replies":[{"embeddable":true,"href":"https:\/\/lpctour.fr\/2025\/td\/manon\/wp-json\/wp\/v2\/comments?post=17"}],"version-history":[{"count":25,"href":"https:\/\/lpctour.fr\/2025\/td\/manon\/wp-json\/wp\/v2\/pages\/17\/revisions"}],"predecessor-version":[{"id":20,"href":"https:\/\/lpctour.fr\/2025\/td\/manon\/wp-json\/wp\/v2\/pages\/17\/revisions\/20"}],"wp:featuredmedia":[{"embeddable":true,"href":"https:\/\/lpctour.fr\/2025\/td\/manon\/wp-json\/wp\/v2\/media\/72"}],"wp:attachment":[{"href":"https:\/\/lpctour.fr\/2025\/td\/manon\/wp-json\/wp\/v2\/media?parent=17"}],"curies":[{"name":"wp","href":"https:\/\/api.w.org\/{rel}","templated":true}]}}

<h1><span style="color: #99cc00;">Hôtel</span></h1>
<p><img loading="lazy" decoding="async" class="alignnone size-medium wp-image-15" src="https://lpctour.buchon.fr/2025/td/manon/wp-content/uploads/2025/11/2022_logo-Escale-Hotel-300x300.png" alt="" width="300" height="300" srcset="https://lpctour.fr/2025/td/manon/wp-content/uploads/2025/11/2022_logo-Escale-Hotel-300x300.png 300w, https://lpctour.fr/2025/td/manon/wp-content/uploads/2025/11/2022_logo-Escale-Hotel-150x150.png 150w, https://lpctour.fr/2025/td/manon/wp-content/uploads/2025/11/2022_logo-Escale-Hotel.png 592w" sizes="auto, (max-width: 300px) 100vw, 300px" /></p>
<div class="ccm-custom-style-container ccm-custom-style-main-1128 uk-margin-xlarge-bottom">
<h2><span style="color: #99cc00;">L&rsquo;Escale au Cap Blanc Nez</span></h2>
<p>Au cœur du village d&rsquo;Escalles, au pied du Cap Blanc Nez, l&rsquo;Escale est depuis son origine en 1958 le rendez-vous des amoureux de la nature.</p>
<p>Assis en terrasse, dans notre salon, ou bien au chaud dans l’une des 42 chambres, vous vous retrouvez ici chez vous. Sur la plage, la vue sur le Cap suscite les envies d&rsquo;évasion. En salle le restaurant favorise la découverte du terroir au travers d&rsquo;une cuisine traditionnelle, tandis que l&rsquo;espace bien-être invite à un moment de relaxation total.</p>
<p>En ce lieu, la qualité du service et le sens de l’accueil révèlent l’âme d&rsquo;une maison dans laquelle entre amis ou en famille, on oublie pour un instant ou une saison que l’on n&rsquo;est plus chez soi.</p>
<p><iframe loading="lazy" style="border: 0;" src="https://www.google.com/maps/embed?pb=!1m18!1m12!1m3!1d2515.309911970288!2d1.7105622767690225!3d50.91798387168529!2m3!1f0!2f0!3f0!3m2!1i1024!2i768!4f13.1!3m3!1m2!1s0x47dc3c9ddc5b6f4b%3A0x5d742ac695a87d6!2sH%C3%B4tel%20l'Escale%20-%20Piscine%20%26%20SPA%20-%20Cap%20Blanc%20Nez!5e0!3m2!1sfr!2sfr!4v1765535134404!5m2!1sfr!2sfr" width="600" height="450" allowfullscreen="allowfullscreen"></iframe></p>
</div>
<p>&nbsp;</p>
<div class="ccm-custom-style-container ccm-custom-style-main-1129 uk-margin-xlarge-bottom">
<div class="o-coteo-container o-coteo-container--two-columns o-coteo-container--1129 uk-grid">
<div class="uk-width-1-2@m uk-first-column">
<h2><span style="color: #99cc00;">Le Petit-déjeuner à L&rsquo;Escale</span></h2>
<p>Le petit déjeuner est le repas le plus important de la journée ! Il permet de faire le plein d&rsquo;énergie pour partir du bon pied dès le matin ! Alors pas question de le sauter ou d&rsquo;avaler une simple tasse de café sur le pouce !</p>
<p>Nous vous proposons un copieux petit-déjeuner buffet servi tous les jours de 7h30 à 10h00.</p>
<p>Au menu : café, chocolat, choix de thés, jus de fruits, différents pains et viennoiseries, crêpes, corbeille de fruits frais, salade de fruits, sélection de fromages locaux, yaourts, plateau de charcuterie : jambons, bacon, saucisses et œufs selon votre goût : brouillés, dur ou à la coque.</p>
<h2><span style="color: #99cc00;">Le Cap Blanc Nez</span></h2>
<p>Le Cap Blanc-Nez est un cap situé à Escalles dans le Pas-de-Calais, à 10 km de la ville de Calais et environ 25 km de Boulogne-sur-Mer. Il s&rsquo;agit de la falaise la plus au nord de France.</p>
<p>Il est constitué de falaises escarpées, constituées de craie blanche et de marn, son sommet culmine à 134 mètres de haut.</p>
<p>Il forme, avec le cap Gris-Nez situé 10 km plus au sud, le Grand Site des Deux Caps, labellisé Grand Site de France depuis 2011.</p>
<p>Du sommet des falaises, admirez d&rsquo;un côté l&rsquo;arrière pays ou le jaune dominant des champs de colza, le vert cru des prairies et le rouge des coquelicots viennent lécher les crêtes d&rsquo;un paysage vallonné.</p>
<p>De l&rsquo;autre côté, profitez de la vue sur le Détroit du Pas-de-Calais, la Baie de Wissant et le Cap Gris Nez. Par jour de beau temps vous apercevrez les falaises des côtes Anglaises .</p>
<p>Ne manquez pas les superbes couchers de soleil qui attirent de nombreux peintres et photographes.</p>
<picture><source srcset="https://www.hotel-lescale.com/application/files/1816/1236/9099/logo-les-deux-caps-gris-nez.jpg" media="(min-width: 960px)" /><source srcset="https://www.hotel-lescale.com/application/files/1816/1236/9099/logo-les-deux-caps-gris-nez.jpg" media="(min-width: 640px)" /><source srcset="https://www.hotel-lescale.com/application/files/1816/1236/9099/logo-les-deux-caps-gris-nez.jpg" /><img decoding="async" src="https://www.hotel-lescale.com/application/files/1816/1236/9099/logo-les-deux-caps-gris-nez.jpg" alt="logo-les-deux-caps-gris-nez.jpg" /></picture>
<p><img loading="lazy" decoding="async" class="alignnone size-medium wp-image-95" src="https://lpctour.buchon.fr/2025/td/manon/wp-content/uploads/2025/12/Capture-decran-2025-12-12-a-11.08.59-300x198.png" alt="" width="300" height="198" srcset="https://lpctour.fr/2025/td/manon/wp-content/uploads/2025/12/Capture-decran-2025-12-12-a-11.08.59-300x198.png 300w, https://lpctour.fr/2025/td/manon/wp-content/uploads/2025/12/Capture-decran-2025-12-12-a-11.08.59-1024x678.png 1024w, https://lpctour.fr/2025/td/manon/wp-content/uploads/2025/12/Capture-decran-2025-12-12-a-11.08.59-768x508.png 768w, https://lpctour.fr/2025/td/manon/wp-content/uploads/2025/12/Capture-decran-2025-12-12-a-11.08.59-1536x1016.png 1536w, https://lpctour.fr/2025/td/manon/wp-content/uploads/2025/12/Capture-decran-2025-12-12-a-11.08.59.png 1720w" sizes="auto, (max-width: 300px) 100vw, 300px" /></p>
<div class="ccm-custom-style-container ccm-custom-style-main-349 uk-margin-large">
<h2><span style="color: #99cc00;">Loisirs et activités à proximité</span></h2>
<p>Le village d&rsquo;Escalles se caractérise par son prestigieux Cap mais aussi par sa plage de galets et de sable fin (située à 600 mètres de l&rsquo;hôtel), ses nombreux sentiers de randonnées pédestres et de VTT balisés dont certains vous conduiront au point culminant des falaises.</p>
</div>
<h4><span style="color: #99cc00;">Le village d&rsquo;Escalles est le point de départ pour les amateurs de randonnées.</span></h4>
<p>Pour une balade sur la plage, rendez-vous au Cran d&rsquo;Escalles. A marée basse , c&rsquo;est une plage à perte de vue qui s&rsquo;ouvre à vous avec au loin une vue de la Baie de Wissant et du Cap Gris-Nez.</p>
<p>Le GR 120 long de plus de 90 km longe toute la Côte d&rsquo;Opale. A partir d&rsquo;Escales, vous avez la possibilité de suivre le chemin surplombant la mer du haut des falaises en vous dirigeant vers Wissant.</p>
<div class="ccm-custom-style-container ccm-custom-style-main-493">
<h4><span style="color: #99cc00;">Une région chargée d&rsquo;histoire.</span></h4>
<p>Replongez-vous dans un passé riche et tourmenté en visitant les musées de la région.</p>
<p>De nombreux musées se situent à proximité de l&rsquo;hôtel, chacun évoquent des thèmes différents allant des guerres mondiales, à l&rsquo;art ou encore a la prestigieuse Dentelle de Calais.</p>
<p>Profitez en également pour vous rendre au plus grand aquarium d&rsquo;Europe, Nausicaa.</p>
<p>Plus d&rsquo;informations en cliquant sur les images ci-dessous :</p>
</div>
<div class="uk-flex uk-grid">
<div class="uk-width-1-4@s uk-first-column">
<div class="ccm-custom-style-container ccm-custom-style-main17-61"><a href="http://www.lesdeuxcaps.fr/" target="_blank" rel="noopener noreferrer"><img loading="lazy" decoding="async" class="ccm-image-block img-fluid bID-61" src="https://www.hotel-lescale.com/application/files/7116/1236/9098/logo-deux-caps.jpg" alt="site web les deux caps cap blanc nez cap gris nez" width="223" height="120" /></a><a href="http://www.cite-dentelle.fr/fr/" target="_blank" rel="noopener noreferrer"><img loading="lazy" decoding="async" class="ccm-image-block img-fluid bID-62" src="https://www.hotel-lescale.com/application/files/9916/1236/9099/logo-cite-dentelle-calais.jpg" alt="site web cité internationale dentelle mode calais" width="271" height="122" /></a><a href="http://www.nausicaa.fr/" target="_blank" rel="noopener noreferrer"><img loading="lazy" decoding="async" class="ccm-image-block img-fluid bID-63" src="https://www.hotel-lescale.com/application/files/2916/1236/9099/logo-nausicaa-boulogne.jpg" alt="site web aquarium nausicaa" width="120" height="120" /></a><a href="https://www.compagniedudragon.com/" target="_blank" rel="noopener noreferrer"><picture><source srcset="https://www.hotel-lescale.com/application/files/8616/1236/9098/logo-compagnie-dragon.jpg" media="(min-width: 960px)" /><source srcset="https://www.hotel-lescale.com/application/files/8616/1236/9098/logo-compagnie-dragon.jpg" media="(min-width: 640px)" /><source srcset="https://www.hotel-lescale.com/application/files/8616/1236/9098/logo-compagnie-dragon.jpg" /><img loading="lazy" decoding="async" class="ccm-image-block img-fluid bID-64" src="https://www.hotel-lescale.com/application/files/8616/1236/9098/logo-compagnie-dragon.jpg" alt="site web compagnie du dragon" width="120" height="120" /></picture></a></div>
</div>
</div>
</div>
</div>
</div>

<p>Hôtel L&rsquo;Escale au Cap Blanc Nez Au cœur du village d&rsquo;Escalles, au pied du Cap Blanc Nez, l&rsquo;Escale est depuis son origine en 1958 le rendez-vous des amoureux de la nature. Assis en terrasse, dans notre salon, ou bien au chaud dans l’une des 42 chambres, vous vous retrouvez ici chez vous. Sur la plage, &#8230; <span class="more"><a class="more-link" href="https://lpctour.fr/2025/td/manon/">[Read more&#8230;]</a></span></p>
