{"id":3,"date":"2025-11-28T09:10:31","date_gmt":"2025-11-28T08:10:31","guid":{"rendered":"https:\/\/lpctour.buchon.fr\/2025\/td\/mehdi\/?page_id=3"},"modified":"2026-01-09T10:27:06","modified_gmt":"2026-01-09T09:27:06","slug":"politique-de-confidentialite","status":"publish","type":"page","link":"https:\/\/lpctour.fr\/2025\/td\/mehdi\/politique-de-confidentialite\/","title":{"rendered":"MENTIONS L\u00c9GALES"},"content":{"rendered":"\r\n<h1 class=\"wp-block-heading\" style=\"text-align: center;\" data-start=\"340\" data-end=\"363\"><em><strong data-start=\"343\" data-end=\"363\">&#8211; Mentions l\u00e9gales &#8211;\u00a0<\/strong><\/em><\/h1>\r\n<p data-start=\"365\" data-end=\"575\">Le pr\u00e9sent site internet, intitul\u00e9 <strong data-start=\"400\" data-end=\"413\">EUROSTADE<\/strong>, a pour objectif la d\u00e9couverte et la pr\u00e9sentation des stades de football en Europe. Il a \u00e9t\u00e9 r\u00e9alis\u00e9 dans le cadre d\u2019un <strong data-start=\"534\" data-end=\"553\">projet scolaire<\/strong>, sans but commercial.<\/p>\r\n<p data-start=\"577\" data-end=\"678\"><strong data-start=\"577\" data-end=\"598\">\u00c9diteur du site :<\/strong><br data-start=\"598\" data-end=\"601\" \/>EUROSTADE<br data-start=\"610\" data-end=\"613\" \/>Responsable de la publication : OGEZ MEHDI SAAD<\/p>\r\n<p data-start=\"680\" data-end=\"793\"><strong data-start=\"680\" data-end=\"700\">Statut du site :<\/strong><br data-start=\"700\" data-end=\"703\" \/>Site \u00e0 vocation <strong data-start=\"719\" data-end=\"747\">informative<\/strong>.<\/p>\r\n<p data-start=\"795\" data-end=\"916\"><strong data-start=\"795\" data-end=\"812\">H\u00e9bergement :<\/strong><br data-start=\"812\" data-end=\"815\" \/>Le site EUROSTADE est h\u00e9berg\u00e9 par la plateforme WordPress (h\u00e9bergeur du site utilis\u00e9 pour le projet).<\/p>\r\n<hr data-start=\"918\" data-end=\"921\" \/>\r\n<h2 data-start=\"923\" data-end=\"954\"><strong data-start=\"926\" data-end=\"954\">Propri\u00e9t\u00e9 intellectuelle<\/strong><\/h2>\r\n<p data-start=\"956\" data-end=\"1269\">L\u2019ensemble des contenus pr\u00e9sents sur le site EUROSTADE (textes, images, logos, structure) est prot\u00e9g\u00e9 par le droit d\u2019auteur.<br data-start=\"1080\" data-end=\"1083\" \/>Les textes ont \u00e9t\u00e9 r\u00e9dig\u00e9s dans un but p\u00e9dagogique. Les images utilis\u00e9es proviennent de sources libres de droits ou sont utilis\u00e9es \u00e0 titre illustratif dans le cadre d\u2019un projet scolaire.<\/p>\r\n<p data-start=\"1271\" data-end=\"1404\">Toute reproduction, modification ou diffusion du contenu sans autorisation est interdite, sauf dans un cadre strictement p\u00e9dagogique.<\/p>\r\n<hr data-start=\"1406\" data-end=\"1409\" \/>\r\n<h2 data-start=\"1411\" data-end=\"1432\"><strong data-start=\"1414\" data-end=\"1432\">Responsabilit\u00e9<\/strong><\/h2>\r\n<p data-start=\"1434\" data-end=\"1716\">Les informations pr\u00e9sentes sur le site EUROSTADE sont fournies \u00e0 titre informatif.<br data-start=\"1516\" data-end=\"1519\" \/>Malgr\u00e9 le soin apport\u00e9 \u00e0 la r\u00e9daction des contenus, des erreurs ou omissions peuvent appara\u00eetre. L\u2019\u00e9diteur du site ne pourra \u00eatre tenu responsable de l\u2019utilisation faite des informations diffus\u00e9es.<\/p>\r\n<hr data-start=\"1718\" data-end=\"1721\" \/>\r\n<h2 data-start=\"1723\" data-end=\"1758\"><strong data-start=\"1726\" data-end=\"1758\">Politique de confidentialit\u00e9<\/strong><\/h2>\r\n<h3 data-start=\"1760\" data-end=\"1801\"><strong data-start=\"1764\" data-end=\"1801\">Collecte des donn\u00e9es personnelles<\/strong><\/h3>\r\n<p data-start=\"1803\" data-end=\"2106\">Le site EUROSTADE ne collecte aucune donn\u00e9e personnelle \u00e0 des fins commerciales.<br data-start=\"1883\" data-end=\"1886\" \/>Les donn\u00e9es \u00e9ventuellement transmises via un formulaire de contact (nom, adresse e-mail) sont uniquement utilis\u00e9es pour r\u00e9pondre \u00e0 la demande de l\u2019utilisateur et ne sont en aucun cas conserv\u00e9es ou transmises \u00e0 des tiers.<\/p>\r\n<hr data-start=\"2108\" data-end=\"2111\" \/>\r\n<h3 data-start=\"2113\" data-end=\"2128\"><strong data-start=\"2117\" data-end=\"2128\">Cookies<\/strong><\/h3>\r\n<p data-start=\"2130\" data-end=\"2341\">Le site EUROSTADE peut utiliser des cookies n\u00e9cessaires \u00e0 son bon fonctionnement, notamment pour am\u00e9liorer l\u2019exp\u00e9rience utilisateur.<br data-start=\"2262\" data-end=\"2265\" \/>Aucun cookie publicitaire ou de suivi \u00e0 des fins commerciales n\u2019est utilis\u00e9.<\/p>\r\n<p data-start=\"2343\" data-end=\"2416\">L\u2019utilisateur peut configurer son navigateur afin de refuser les cookies.<\/p>\r\n<hr data-start=\"2418\" data-end=\"2421\" \/>\r\n<h3 data-start=\"2423\" data-end=\"2454\"><strong data-start=\"2427\" data-end=\"2454\">Droits des utilisateurs<\/strong><\/h3>\r\n<p data-start=\"2456\" data-end=\"2732\">Conform\u00e9ment \u00e0 la r\u00e9glementation en vigueur (RGPD), l\u2019utilisateur dispose d\u2019un droit d\u2019acc\u00e8s, de rectification et de suppression des donn\u00e9es le concernant.<br data-start=\"2611\" data-end=\"2614\" \/>Toute demande relative aux donn\u00e9es personnelles peut \u00eatre effectu\u00e9e via le site dans un cadre strictement p\u00e9dagogique.<\/p>\r\n<hr data-start=\"2734\" data-end=\"2737\" \/>\r\n<h2 data-start=\"2739\" data-end=\"2753\"><strong data-start=\"2742\" data-end=\"2753\">Contact<\/strong><\/h2>\r\n<p data-start=\"2755\" data-end=\"2943\">Pour toute question concernant le site, son contenu ou sa politique de confidentialit\u00e9, vous pouvez contacter le responsable du site via les moyens mis \u00e0 disposition sur le site EUROSTADE.<\/p>\r\n","protected":false},"excerpt":{"rendered":"<p>&#8211; Mentions l\u00e9gales &#8211;\u00a0 Le pr\u00e9sent site internet, intitul\u00e9 EUROSTADE, a pour objectif la d\u00e9couverte et la pr\u00e9sentation des stades de football en Europe. Il a \u00e9t\u00e9 r\u00e9alis\u00e9 dans le cadre d\u2019un projet scolaire, sans but commercial. \u00c9diteur du site :EUROSTADEResponsable de la publication : OGEZ MEHDI SAAD Statut du site :Site \u00e0 vocation informative. &hellip; <\/p>\n","protected":false},"author":1,"featured_media":0,"parent":0,"menu_order":0,"comment_status":"closed","ping_status":"open","template":"","meta":{"footnotes":""},"class_list":["post-3","page","type-page","status-publish","hentry"],"_links":{"self":[{"href":"https:\/\/lpctour.fr\/2025\/td\/mehdi\/wp-json\/wp\/v2\/pages\/3","targetHints":{"allow":["GET"]}}],"collection":[{"href":"https:\/\/lpctour.fr\/2025\/td\/mehdi\/wp-json\/wp\/v2\/pages"}],"about":[{"href":"https:\/\/lpctour.fr\/2025\/td\/mehdi\/wp-json\/wp\/v2\/types\/page"}],"author":[{"embeddable":true,"href":"https:\/\/lpctour.fr\/2025\/td\/mehdi\/wp-json\/wp\/v2\/users\/1"}],"replies":[{"embeddable":true,"href":"https:\/\/lpctour.fr\/2025\/td\/mehdi\/wp-json\/wp\/v2\/comments?post=3"}],"version-history":[{"count":4,"href":"https:\/\/lpctour.fr\/2025\/td\/mehdi\/wp-json\/wp\/v2\/pages\/3\/revisions"}],"predecessor-version":[{"id":66,"href":"https:\/\/lpctour.fr\/2025\/td\/mehdi\/wp-json\/wp\/v2\/pages\/3\/revisions\/66"}],"wp:attachment":[{"href":"https:\/\/lpctour.fr\/2025\/td\/mehdi\/wp-json\/wp\/v2\/media?parent=3"}],"curies":[{"name":"wp","href":"https:\/\/api.w.org\/{rel}","templated":true}]}}