{"id":19,"date":"2026-01-09T10:13:27","date_gmt":"2026-01-09T09:13:27","guid":{"rendered":"https:\/\/lpctour.fr\/2025\/td\/rosalie\/?page_id=19"},"modified":"2026-01-29T21:31:54","modified_gmt":"2026-01-29T20:31:54","slug":"accueil","status":"publish","type":"page","link":"https:\/\/lpctour.fr\/2025\/td\/rosalie\/","title":{"rendered":"Colmar, le coeur vibrant de l&rsquo;Alsace"},"content":{"rendered":"<p><span style=\"font-size: 14pt; font-family: 'book antiqua', palatino, serif;\">D\u00e9couvrez Colmar, une ville au charme intemporel o\u00f9 l\u2019histoire et la modernit\u00e9 se rencontrent. Fl\u00e2nez dans ses ruelles pittoresques, admirez ses maisons color\u00e9es \u00e0 colombages et laissez-vous envo\u00fbter par la richesse de son patrimoine culturel. Que vous soyez amateur d\u2019art, de gastronomie ou de balades paisibles, Colmar vous promet des exp\u00e9riences inoubliables au c\u0153ur de l\u2019Alsace.<\/span><\/p>\n<p>&nbsp;<\/p>\n<p><iframe loading=\"lazy\" title=\"D\u00e9couvrez Colmar en Alsace\" width=\"525\" height=\"295\" src=\"https:\/\/www.youtube.com\/embed\/aCb-3w6MvWw?feature=oembed\" frameborder=\"0\" allow=\"accelerometer; autoplay; clipboard-write; encrypted-media; gyroscope; picture-in-picture; web-share\" referrerpolicy=\"strict-origin-when-cross-origin\" allowfullscreen><\/iframe><\/p>\n<p>Lien avec acc\u00e8s directement au site de l&rsquo;office de tourisme de Colmar !<\/p>\n<p><a href=\"https:\/\/www.tourisme-colmar.com\/fr\/\">https:\/\/www.tourisme-colmar.com\/fr\/<\/a><\/p>\n","protected":false},"excerpt":{"rendered":"<p>D\u00e9couvrez Colmar, une ville au charme intemporel o\u00f9 l\u2019histoire et la modernit\u00e9 se rencontrent. Fl\u00e2nez dans ses ruelles pittoresques, admirez ses maisons color\u00e9es \u00e0 colombages et laissez-vous envo\u00fbter par la richesse de son patrimoine culturel. Que vous soyez amateur d\u2019art, de gastronomie ou de balades paisibles, Colmar vous promet des exp\u00e9riences inoubliables au c\u0153ur de &hellip; <\/p>\n<p class=\"link-more\"><a href=\"https:\/\/lpctour.fr\/2025\/td\/rosalie\/\" class=\"more-link\">Continuer la lecture<span class=\"screen-reader-text\"> de &laquo;&nbsp;Colmar, le coeur vibrant de l&rsquo;Alsace&nbsp;&raquo;<\/span><\/a><\/p>\n","protected":false},"author":1,"featured_media":0,"parent":0,"menu_order":0,"comment_status":"closed","ping_status":"closed","template":"","meta":{"footnotes":""},"class_list":["post-19","page","type-page","status-publish","hentry"],"_links":{"self":[{"href":"https:\/\/lpctour.fr\/2025\/td\/rosalie\/wp-json\/wp\/v2\/pages\/19","targetHints":{"allow":["GET"]}}],"collection":[{"href":"https:\/\/lpctour.fr\/2025\/td\/rosalie\/wp-json\/wp\/v2\/pages"}],"about":[{"href":"https:\/\/lpctour.fr\/2025\/td\/rosalie\/wp-json\/wp\/v2\/types\/page"}],"author":[{"embeddable":true,"href":"https:\/\/lpctour.fr\/2025\/td\/rosalie\/wp-json\/wp\/v2\/users\/1"}],"replies":[{"embeddable":true,"href":"https:\/\/lpctour.fr\/2025\/td\/rosalie\/wp-json\/wp\/v2\/comments?post=19"}],"version-history":[{"count":5,"href":"https:\/\/lpctour.fr\/2025\/td\/rosalie\/wp-json\/wp\/v2\/pages\/19\/revisions"}],"predecessor-version":[{"id":96,"href":"https:\/\/lpctour.fr\/2025\/td\/rosalie\/wp-json\/wp\/v2\/pages\/19\/revisions\/96"}],"wp:attachment":[{"href":"https:\/\/lpctour.fr\/2025\/td\/rosalie\/wp-json\/wp\/v2\/media?parent=19"}],"curies":[{"name":"wp","href":"https:\/\/api.w.org\/{rel}","templated":true}]}}