{"id":65,"date":"2026-01-09T11:29:53","date_gmt":"2026-01-09T10:29:53","guid":{"rendered":"https:\/\/lpctour.fr\/2025\/td\/rosalie\/?page_id=65"},"modified":"2026-01-29T22:12:08","modified_gmt":"2026-01-29T21:12:08","slug":"contact","status":"publish","type":"page","link":"https:\/\/lpctour.fr\/2025\/td\/rosalie\/contact\/","title":{"rendered":"Contact"},"content":{"rendered":"<p data-start=\"72\" data-end=\"90\"><strong data-start=\"72\" data-end=\"90\">Nous contacter<\/strong><\/p>\n<p data-start=\"92\" data-end=\"332\"><strong>Une question, une suggestion ou envie d\u2019en savoir plus sur Colmar ?<\/strong><br data-start=\"159\" data-end=\"162\" \/>Notre site est l\u00e0 pour vous aider \u00e0 pr\u00e9parer votre visite et \u00e0 d\u00e9couvrir les plus beaux coins de la ville. N\u2019h\u00e9sitez pas \u00e0 nous \u00e9crire, nous vous r\u00e9pondrons avec plaisir.<\/p>\n<p data-start=\"334\" data-end=\"363\"><strong data-start=\"334\" data-end=\"363\">Pourquoi nous contacter ?<\/strong><\/p>\n<ul data-start=\"364\" data-end=\"655\">\n<li data-start=\"364\" data-end=\"429\">\n<p data-start=\"366\" data-end=\"429\">Pour des informations sur les lieux incontournables de Colmar<\/p>\n<\/li>\n<li data-start=\"430\" data-end=\"476\">\n<p data-start=\"432\" data-end=\"476\">Pour des id\u00e9es de visites et d\u2019itin\u00e9raires<\/p>\n<\/li>\n<li data-start=\"477\" data-end=\"535\">\n<p data-start=\"479\" data-end=\"535\">Pour des recommandations de restaurants et d\u2019activit\u00e9s<\/p>\n<\/li>\n<li data-start=\"536\" data-end=\"589\">\n<p data-start=\"538\" data-end=\"589\">Pour proposer une collaboration ou un partenariat<\/p>\n<\/li>\n<li data-start=\"590\" data-end=\"655\">\n<p data-start=\"592\" data-end=\"655\">Pour signaler une erreur ou sugg\u00e9rer une am\u00e9lioration du site<\/p>\n<\/li>\n<\/ul>\n<p data-start=\"657\" data-end=\"731\"><strong data-start=\"657\" data-end=\"680\">Horaires de r\u00e9ponse<\/strong><br data-start=\"680\" data-end=\"683\" \/>Nous r\u00e9pondons g\u00e9n\u00e9ralement sous 24 \u00e0 48 heures.<\/p>\n<p data-start=\"733\" data-end=\"815\"><strong data-start=\"733\" data-end=\"749\">Localisation<\/strong><br data-start=\"749\" data-end=\"752\" \/>Colmar, Alsace, France \u2013 au c\u0153ur de la Route des Vins d\u2019Alsace.<\/p>\n<p data-start=\"993\" data-end=\"1133\"><strong data-start=\"993\" data-end=\"1033\">Message d\u2019accueil pour le formulaire\u00a0<\/strong><br data-start=\"1033\" data-end=\"1036\" \/>\u201cVotre avis compte ! Laissez-nous un message et nous vous r\u00e9pondrons dans les plus brefs d\u00e9lais.\u201d<\/p>\n<blockquote data-start=\"1201\" data-end=\"1316\" data-is-last-node=\"\" data-is-only-node=\"\">\n<p data-start=\"1203\" data-end=\"1316\" data-is-last-node=\"\"><style id=\"wpforms-css-vars-98\">\n\t\t\t\t#wpforms-98 {\n\t\t\t\t--wpforms-container-padding: 0px;\n--wpforms-container-border-width: 1px;\n--wpforms-container-border-radius: 3px;\n--wpforms-background-color: rgba(0, 0, 0, 0);\n--wpforms-field-size-input-height: 43px;\n--wpforms-field-size-input-spacing: 15px;\n--wpforms-field-size-font-size: 16px;\n--wpforms-field-size-line-height: 19px;\n--wpforms-field-size-padding-h: 14px;\n--wpforms-field-size-checkbox-size: 16px;\n--wpforms-field-size-sublabel-spacing: 5px;\n--wpforms-field-size-icon-size: 1;\n--wpforms-label-size-font-size: 16px;\n--wpforms-label-size-line-height: 19px;\n--wpforms-label-size-sublabel-font-size: 14px;\n--wpforms-label-size-sublabel-line-height: 17px;\n--wpforms-button-size-font-size: 17px;\n--wpforms-button-size-height: 41px;\n--wpforms-button-size-padding-h: 15px;\n--wpforms-button-size-margin-top: 10px;\n--wpforms-container-shadow-size-box-shadow: none;\n\t\t\t}\n\t\t\t<\/style><div class=\"wpforms-container wpforms-container-full wpforms-render-modern\" id=\"wpforms-98\"><form id=\"wpforms-form-98\" class=\"wpforms-validate wpforms-form\" data-formid=\"98\" method=\"post\" enctype=\"multipart\/form-data\" action=\"\/2025\/td\/rosalie\/wp-json\/wp\/v2\/pages\/65\" data-token=\"ff4e3a7d23b1a7d9f3d03871e7f079b1\" data-token-time=\"1777212894\"><div class=\"wpforms-head-container\"><div class=\"wpforms-title\">Formulaire de contact<\/div><\/div><noscript class=\"wpforms-error-noscript\">Veuillez activer JavaScript dans votre navigateur pour remplir ce formulaire.<\/noscript><div id=\"wpforms-error-noscript\" style=\"display: none;\">Veuillez activer JavaScript dans votre navigateur pour remplir ce formulaire.<\/div><div class=\"wpforms-field-container\"><div id=\"wpforms-98-field_1-container\" class=\"wpforms-field wpforms-field-name\" data-field-id=\"1\"><fieldset><legend class=\"wpforms-field-label\">Nom<\/legend><div class=\"wpforms-field-row wpforms-field-medium\"><div class=\"wpforms-field-row-block wpforms-first wpforms-one-half\"><input type=\"text\" id=\"wpforms-98-field_1\" class=\"wpforms-field-name-first\" name=\"wpforms[fields][1][first]\" aria-errormessage=\"wpforms-98-field_1-error\" ><label for=\"wpforms-98-field_1\" class=\"wpforms-field-sublabel after\">Pr\u00e9nom<\/label><\/div><div class=\"wpforms-field-row-block wpforms-one-half\"><input type=\"text\" id=\"wpforms-98-field_1-last\" class=\"wpforms-field-name-last\" name=\"wpforms[fields][1][last]\" aria-errormessage=\"wpforms-98-field_1-last-error\" ><label for=\"wpforms-98-field_1-last\" class=\"wpforms-field-sublabel after\">Nom<\/label><\/div><\/div><\/fieldset><\/div><div id=\"wpforms-98-field_2-container\" class=\"wpforms-field wpforms-field-email\" data-field-id=\"2\"><label class=\"wpforms-field-label\" for=\"wpforms-98-field_2\">E-mail<\/label><input type=\"email\" id=\"wpforms-98-field_2\" class=\"wpforms-field-medium\" name=\"wpforms[fields][2]\" spellcheck=\"false\" aria-errormessage=\"wpforms-98-field_2-error\" ><\/div><div id=\"wpforms-98-field_4-container\" class=\"wpforms-field wpforms-field-text\" data-field-id=\"4\"><label class=\"wpforms-field-label\" for=\"wpforms-98-field_4\">Sujet<\/label><input type=\"text\" id=\"wpforms-98-field_4\" class=\"wpforms-field-medium\" name=\"wpforms[fields][4]\" aria-errormessage=\"wpforms-98-field_4-error\" ><\/div><div id=\"wpforms-98-field_5-container\" class=\"wpforms-field wpforms-field-textarea\" data-field-id=\"5\"><label class=\"wpforms-field-label\" for=\"wpforms-98-field_5\">Message<\/label><textarea id=\"wpforms-98-field_5\" class=\"wpforms-field-medium\" name=\"wpforms[fields][5]\" aria-errormessage=\"wpforms-98-field_5-error\" ><\/textarea><\/div><\/div><!-- .wpforms-field-container --><div class=\"wpforms-submit-container\" ><input type=\"hidden\" name=\"wpforms[id]\" value=\"98\"><input type=\"hidden\" name=\"page_title\" value=\"\"><input type=\"hidden\" name=\"page_url\" value=\"https:\/\/lpctour.fr\/2025\/td\/rosalie\/wp-json\/wp\/v2\/pages\/65\"><input type=\"hidden\" name=\"url_referer\" value=\"\"><button type=\"submit\" name=\"wpforms[submit]\" id=\"wpforms-submit-98\" class=\"wpforms-submit\" data-alt-text=\"Envoi...\" data-submit-text=\"Envoyer\" aria-live=\"assertive\" value=\"wpforms-submit\">Envoyer<\/button><\/div><\/form><\/div>  <!-- .wpforms-container --><\/p>\n<\/blockquote>\n","protected":false},"excerpt":{"rendered":"<p>Nous contacter Une question, une suggestion ou envie d\u2019en savoir plus sur Colmar ?Notre site est l\u00e0 pour vous aider \u00e0 pr\u00e9parer votre visite et \u00e0 d\u00e9couvrir les plus beaux coins de la ville. N\u2019h\u00e9sitez pas \u00e0 nous \u00e9crire, nous vous r\u00e9pondrons avec plaisir. Pourquoi nous contacter ? Pour des informations sur les lieux incontournables &hellip; <\/p>\n<p class=\"link-more\"><a href=\"https:\/\/lpctour.fr\/2025\/td\/rosalie\/contact\/\" class=\"more-link\">Continuer la lecture<span class=\"screen-reader-text\"> de &laquo;&nbsp;Contact&nbsp;&raquo;<\/span><\/a><\/p>\n","protected":false},"author":1,"featured_media":0,"parent":0,"menu_order":0,"comment_status":"closed","ping_status":"closed","template":"","meta":{"footnotes":""},"class_list":["post-65","page","type-page","status-publish","hentry"],"_links":{"self":[{"href":"https:\/\/lpctour.fr\/2025\/td\/rosalie\/wp-json\/wp\/v2\/pages\/65","targetHints":{"allow":["GET"]}}],"collection":[{"href":"https:\/\/lpctour.fr\/2025\/td\/rosalie\/wp-json\/wp\/v2\/pages"}],"about":[{"href":"https:\/\/lpctour.fr\/2025\/td\/rosalie\/wp-json\/wp\/v2\/types\/page"}],"author":[{"embeddable":true,"href":"https:\/\/lpctour.fr\/2025\/td\/rosalie\/wp-json\/wp\/v2\/users\/1"}],"replies":[{"embeddable":true,"href":"https:\/\/lpctour.fr\/2025\/td\/rosalie\/wp-json\/wp\/v2\/comments?post=65"}],"version-history":[{"count":6,"href":"https:\/\/lpctour.fr\/2025\/td\/rosalie\/wp-json\/wp\/v2\/pages\/65\/revisions"}],"predecessor-version":[{"id":102,"href":"https:\/\/lpctour.fr\/2025\/td\/rosalie\/wp-json\/wp\/v2\/pages\/65\/revisions\/102"}],"wp:attachment":[{"href":"https:\/\/lpctour.fr\/2025\/td\/rosalie\/wp-json\/wp\/v2\/media?parent=65"}],"curies":[{"name":"wp","href":"https:\/\/api.w.org\/{rel}","templated":true}]}}