{"id":10,"date":"2025-10-10T09:45:39","date_gmt":"2025-10-10T07:45:39","guid":{"rendered":"https:\/\/lpctour.fr\/2025\/tp\/clara\/?page_id=10"},"modified":"2025-10-24T11:05:10","modified_gmt":"2025-10-24T09:05:10","slug":"barcelone","status":"publish","type":"page","link":"https:\/\/lpctour.fr\/2025\/tp\/clara\/barcelone\/","title":{"rendered":"Barcelone"},"content":{"rendered":"<p>Barcelone, la capitale de la Catalogne.<\/p>\n<p>Barcelone se situe sur la c\u00f4te Est du pays, proche de la Mer M\u00e9diterran\u00e9e.<\/p>\n<p>Ville touristique avec environ 1.6 millions d&rsquo;habitants et accueille + de 12 millions de touristes par an.<\/p>\n<table style=\"border-collapse: collapse; width: 100%; height: 97px;\">\n<tbody>\n<tr style=\"height: 26px;\">\n<td style=\"width: 50%; text-align: center; height: 26px;\"><strong>Monuments\u00a0<\/strong><\/td>\n<td style=\"width: 50%; text-align: center; height: 26px;\"><strong>Visit\u00e9 ?<\/strong><\/td>\n<\/tr>\n<tr style=\"height: 26px;\">\n<td style=\"width: 50%; text-align: center; height: 26px;\"><span style=\"color: #3366ff;\"><strong>Sagrada Familia<\/strong><\/span><\/td>\n<td style=\"width: 50%; text-align: center; height: 26px;\"><strong><span style=\"color: #ff6600;\">d\u00e9j\u00e0 visit\u00e9<\/span><\/strong><\/td>\n<\/tr>\n<tr style=\"height: 26px;\">\n<td style=\"width: 50%; text-align: center; height: 26px;\"><span style=\"color: #3366ff;\"><strong>Mus\u00e9e Picasso<\/strong><\/span><\/td>\n<td style=\"width: 50%; text-align: center; height: 26px;\"><strong><span style=\"color: #ff6600;\">d\u00e9j\u00e0 visit\u00e9\u00a0<\/span><\/strong><\/td>\n<\/tr>\n<tr style=\"height: 19px;\">\n<td style=\"width: 50%; text-align: center; height: 19px;\"><span style=\"color: #3366ff;\"><strong>Parc Guell<\/strong><\/span><\/td>\n<td style=\"width: 50%; text-align: center; height: 19px;\"><strong><span style=\"color: #ff6600;\">pas encore visit\u00e9<\/span><\/strong><\/td>\n<\/tr>\n<\/tbody>\n<\/table>\n<p><img loading=\"lazy\" decoding=\"async\" class=\"alignnone size-full wp-image-23\" src=\"https:\/\/lpctour.fr\/2025\/tp\/clara\/wp-content\/uploads\/2025\/10\/barcelone.webp\" alt=\"\" width=\"206\" height=\"180\" \/><\/p>\n<p>&nbsp;<\/p>\n<p><iframe loading=\"lazy\" style=\"border: 0;\" src=\"https:\/\/www.google.com\/maps\/embed?pb=!1m18!1m12!1m3!1d95780.66762161534!2d2.0577889675769026!3d41.392638558540945!2m3!1f0!2f0!3f0!3m2!1i1024!2i768!4f13.1!3m3!1m2!1s0x12a49816718e30e5%3A0x44b0fb3d4f47660a!2sBarcelone%2C%20Espagne!5e0!3m2!1sfr!2sfr!4v1760087096566!5m2!1sfr!2sfr\" width=\"600\" height=\"450\" allowfullscreen=\"allowfullscreen\"><\/iframe><\/p>\n","protected":false},"excerpt":{"rendered":"<p>Barcelone, la capitale de la Catalogne. Barcelone se situe sur la c\u00f4te Est du pays, proche de la Mer M\u00e9diterran\u00e9e. Ville touristique avec environ 1.6 millions d&rsquo;habitants et accueille + de 12 millions de touristes par an. Monuments\u00a0 Visit\u00e9 ? Sagrada Familia d\u00e9j\u00e0 visit\u00e9 Mus\u00e9e Picasso d\u00e9j\u00e0 visit\u00e9\u00a0 Parc Guell pas encore visit\u00e9 &nbsp;<\/p>\n","protected":false},"author":1,"featured_media":0,"parent":0,"menu_order":0,"comment_status":"closed","ping_status":"closed","template":"","meta":{"footnotes":""},"class_list":["entry","page","publish","author-clara_tonneau","post-10"],"_links":{"self":[{"href":"https:\/\/lpctour.fr\/2025\/tp\/clara\/wp-json\/wp\/v2\/pages\/10","targetHints":{"allow":["GET"]}}],"collection":[{"href":"https:\/\/lpctour.fr\/2025\/tp\/clara\/wp-json\/wp\/v2\/pages"}],"about":[{"href":"https:\/\/lpctour.fr\/2025\/tp\/clara\/wp-json\/wp\/v2\/types\/page"}],"author":[{"embeddable":true,"href":"https:\/\/lpctour.fr\/2025\/tp\/clara\/wp-json\/wp\/v2\/users\/1"}],"replies":[{"embeddable":true,"href":"https:\/\/lpctour.fr\/2025\/tp\/clara\/wp-json\/wp\/v2\/comments?post=10"}],"version-history":[{"count":7,"href":"https:\/\/lpctour.fr\/2025\/tp\/clara\/wp-json\/wp\/v2\/pages\/10\/revisions"}],"predecessor-version":[{"id":32,"href":"https:\/\/lpctour.fr\/2025\/tp\/clara\/wp-json\/wp\/v2\/pages\/10\/revisions\/32"}],"wp:attachment":[{"href":"https:\/\/lpctour.fr\/2025\/tp\/clara\/wp-json\/wp\/v2\/media?parent=10"}],"curies":[{"name":"wp","href":"https:\/\/api.w.org\/{rel}","templated":true}]}}

<p>Barcelone, la capitale de la Catalogne.</p>
<p>Barcelone se situe sur la côte Est du pays, proche de la Mer Méditerranée.</p>
<p>Ville touristique avec environ 1.6 millions d&rsquo;habitants et accueille + de 12 millions de touristes par an.</p>
<table style="border-collapse: collapse; width: 100%; height: 97px;">
<tbody>
<tr style="height: 26px;">
<td style="width: 50%; text-align: center; height: 26px;"><strong>Monuments </strong></td>
<td style="width: 50%; text-align: center; height: 26px;"><strong>Visité ?</strong></td>
</tr>
<tr style="height: 26px;">
<td style="width: 50%; text-align: center; height: 26px;"><span style="color: #3366ff;"><strong>Sagrada Familia</strong></span></td>
<td style="width: 50%; text-align: center; height: 26px;"><strong><span style="color: #ff6600;">déjà visité</span></strong></td>
</tr>
<tr style="height: 26px;">
<td style="width: 50%; text-align: center; height: 26px;"><span style="color: #3366ff;"><strong>Musée Picasso</strong></span></td>
<td style="width: 50%; text-align: center; height: 26px;"><strong><span style="color: #ff6600;">déjà visité </span></strong></td>
</tr>
<tr style="height: 19px;">
<td style="width: 50%; text-align: center; height: 19px;"><span style="color: #3366ff;"><strong>Parc Guell</strong></span></td>
<td style="width: 50%; text-align: center; height: 19px;"><strong><span style="color: #ff6600;">pas encore visité</span></strong></td>
</tr>
</tbody>
</table>
<p><img loading="lazy" decoding="async" class="alignnone size-full wp-image-23" src="https://lpctour.fr/2025/tp/clara/wp-content/uploads/2025/10/barcelone.webp" alt="" width="206" height="180" /></p>
<p>&nbsp;</p>
<p><iframe loading="lazy" style="border: 0;" src="https://www.google.com/maps/embed?pb=!1m18!1m12!1m3!1d95780.66762161534!2d2.0577889675769026!3d41.392638558540945!2m3!1f0!2f0!3f0!3m2!1i1024!2i768!4f13.1!3m3!1m2!1s0x12a49816718e30e5%3A0x44b0fb3d4f47660a!2sBarcelone%2C%20Espagne!5e0!3m2!1sfr!2sfr!4v1760087096566!5m2!1sfr!2sfr" width="600" height="450" allowfullscreen="allowfullscreen"></iframe></p>

<p>Barcelone, la capitale de la Catalogne. Barcelone se situe sur la côte Est du pays, proche de la Mer Méditerranée. Ville touristique avec environ 1.6 millions d&rsquo;habitants et accueille + de 12 millions de touristes par an. Monuments  Visité ? Sagrada Familia déjà visité Musée Picasso déjà visité  Parc Guell pas encore visité &nbsp;</p>
