{"id":155,"date":"2025-10-24T12:19:22","date_gmt":"2025-10-24T10:19:22","guid":{"rendered":"https:\/\/lpctour.fr\/2025\/tp\/clara\/?page_id=155"},"modified":"2025-10-24T12:20:04","modified_gmt":"2025-10-24T10:20:04","slug":"chambre-charme","status":"publish","type":"page","link":"https:\/\/lpctour.fr\/2025\/tp\/clara\/chambre-charme\/","title":{"rendered":"Chambre Charme"},"content":{"rendered":"<article id=\"post-82\" class=\"entry post publish author-gbuchon post-82 format-standard has-post-thumbnail category-chambre-charme\">\n<div class=\"entry-wrap\">\n<div class=\"entry-content\">\n<p class=\"meilleurprix\"><span style=\"color: #ff0000; font-size: 10pt;\">Meilleur Prix Garanti<\/span><\/p>\n<h3>Chambre Charme mansard\u00e9e<\/h3>\n<p>Les chambres sont situ\u00e9es au troisi\u00e8me \u00e9tage, sans ascenseur.<\/p>\n<p><strong>Double<\/strong>\u00a0: Chambre de 14 m\u00b2, lit double 140 cm<strong>,<\/strong><\/p>\n<p><strong>Double Premium<\/strong>\u00a0: Chambre de 18 m\u00b2, lit double 160 cm<\/p>\n<p><strong>Triple Premium<\/strong>\u00a0: Chambre de 20 m\u00b2, lit double 160 cm + lit single 80 cm<\/p>\n<p><strong>Suite Junior Triple<\/strong>\u00a0: Suite de 2 chambres communicantes de 24 m\u00b2, lit double 160 cm + lit single 80 cm.<\/p>\n<p><strong>De 75 \u00e0 185 \u20ac.<\/strong><br \/>\n<em>Pour connaitre le tarif exact de la chambre pendant votre s\u00e9jour, entrez vos dates dans \u00ab\u00a0R\u00e9servation\u00a0\u00bb.<\/em><\/p>\n<hr \/>\n<h3 class=\"title-room-facilites\">Services inclus :<\/h3>\n<ul class=\"room-features-list\">\n<li><i class=\"fa fa-check\"><\/i>Acc\u00e8s wifi illimit\u00e9<\/li>\n<li><i class=\"fa fa-check\"><\/i>Climatisation<\/li>\n<li><i class=\"fa fa-check\"><\/i>Coffre-fort<\/li>\n<li><i class=\"fa fa-check\"><\/i>Plateau courtoisie (boissons chaudes)<\/li>\n<li><i class=\"fa fa-check\"><\/i>Salle de bain marbre avec baignoire<\/li>\n<li><i class=\"fa fa-check\"><\/i>S\u00e8che-cheveux<\/li>\n<li><i class=\"fa fa-check\"><\/i>TV \u00e9cran plat<\/li>\n<\/ul>\n<hr \/>\n<div class=\"price\">\n<h3>de 75 \u20ac \u00e0 185 \u20ac \/ nuit<\/h3>\n<p class=\"meilleurprix\"><span style=\"font-size: 10pt; color: #ff0000;\">Meilleur Prix Garanti<\/span><\/p>\n<\/div>\n<\/div>\n<footer class=\"entry-footer\">\n<div class=\"entry-meta\"><\/div>\n<\/footer>\n<\/div>\n<\/article>\n<div id=\"comments\" class=\"entry-comments\">\n<p class=\"comments-closed pings-open\">Comments are closed, but\u00a0<a title=\"Trackback URL for this post\" href=\"https:\/\/lpctour.fr\/2023\/hotel\/2023\/10\/12\/chambre-charme\/trackback\/\">trackbacks<\/a>\u00a0and pingbacks are open.<\/p>\n<\/div>\n","protected":false},"excerpt":{"rendered":"<p>Meilleur Prix Garanti Chambre Charme mansard\u00e9e Les chambres sont situ\u00e9es au troisi\u00e8me \u00e9tage, sans ascenseur. Double\u00a0: Chambre de 14 m\u00b2, lit double 140 cm, Double Premium\u00a0: Chambre de 18 m\u00b2, lit double 160 cm Triple Premium\u00a0: Chambre de 20 m\u00b2, lit double 160 cm + lit single 80 cm Suite Junior Triple\u00a0: Suite de 2 &#8230; <span class=\"more\"><a class=\"more-link\" href=\"https:\/\/lpctour.fr\/2025\/tp\/clara\/chambre-charme\/\"><\/a><\/span><\/p>\n","protected":false},"author":1,"featured_media":74,"parent":0,"menu_order":0,"comment_status":"closed","ping_status":"closed","template":"","meta":{"footnotes":""},"class_list":{"0":"entry","1":"page","2":"publish","3":"author-clara_tonneau","4":"post-155","6":"has-post-thumbnail"},"_links":{"self":[{"href":"https:\/\/lpctour.fr\/2025\/tp\/clara\/wp-json\/wp\/v2\/pages\/155","targetHints":{"allow":["GET"]}}],"collection":[{"href":"https:\/\/lpctour.fr\/2025\/tp\/clara\/wp-json\/wp\/v2\/pages"}],"about":[{"href":"https:\/\/lpctour.fr\/2025\/tp\/clara\/wp-json\/wp\/v2\/types\/page"}],"author":[{"embeddable":true,"href":"https:\/\/lpctour.fr\/2025\/tp\/clara\/wp-json\/wp\/v2\/users\/1"}],"replies":[{"embeddable":true,"href":"https:\/\/lpctour.fr\/2025\/tp\/clara\/wp-json\/wp\/v2\/comments?post=155"}],"version-history":[{"count":1,"href":"https:\/\/lpctour.fr\/2025\/tp\/clara\/wp-json\/wp\/v2\/pages\/155\/revisions"}],"predecessor-version":[{"id":156,"href":"https:\/\/lpctour.fr\/2025\/tp\/clara\/wp-json\/wp\/v2\/pages\/155\/revisions\/156"}],"wp:featuredmedia":[{"embeddable":true,"href":"https:\/\/lpctour.fr\/2025\/tp\/clara\/wp-json\/wp\/v2\/media\/74"}],"wp:attachment":[{"href":"https:\/\/lpctour.fr\/2025\/tp\/clara\/wp-json\/wp\/v2\/media?parent=155"}],"curies":[{"name":"wp","href":"https:\/\/api.w.org\/{rel}","templated":true}]}}