{"id":134,"date":"2025-10-24T11:25:25","date_gmt":"2025-10-24T09:25:25","guid":{"rendered":"https:\/\/lpctour.fr\/2025\/tp\/hafssa\/?page_id=134"},"modified":"2025-10-24T12:07:52","modified_gmt":"2025-10-24T10:07:52","slug":"spa-2","status":"publish","type":"page","link":"https:\/\/lpctour.fr\/2025\/tp\/hafssa\/spa-2\/","title":{"rendered":"Spa \u2013 Bain \u00e0 remous ext\u00e9rieur situ\u00e9 sur la terrasse Ouest en surplomb du parc"},"content":{"rendered":"<header class=\"entry-header\">\n<p class=\"entry-title\"><span style=\"font-size: 16px;\">Vous pourrez vous baigner dans le Spa \u00e0 d\u00e9bordement, en toute saison, en profitant de la vue sur le parc et ses arbres centenaires.<\/span><\/p>\n<\/header>\n<div class=\"entry-content\">\n<p>Dans une eau chauff\u00e9e \u00e0 35\u00b0, &nbsp;8 jets de massage et 12 buses soufflantes, vous aurez le plaisir de passer un agr\u00e9able moment de d\u00e9tente.<\/p>\n<p>Privatisation du spa &nbsp;(jusqu\u2019\u00e0 6 personnes) \u2013 R\u00e9servez votre plage horaire&nbsp;:<\/p>\n<ul id=\"tarif2\">\n<li>Chambre double : 10 \u20ac<\/li>\n<li>Chambre triple et quadruple : 15 \u20ac<\/li>\n<\/ul>\n<\/div>\n","protected":false},"excerpt":{"rendered":"<p>Vous pourrez vous baigner dans le Spa \u00e0 d\u00e9bordement, en toute saison, en profitant de la vue sur le parc et ses arbres centenaires. Dans une eau chauff\u00e9e \u00e0 35\u00b0, &nbsp;8 jets de massage et 12 buses soufflantes, vous aurez le plaisir de passer un agr\u00e9able moment de d\u00e9tente. Privatisation du spa &nbsp;(jusqu\u2019\u00e0 6 personnes) &#8230; <span class=\"more\"><a class=\"more-link\" href=\"https:\/\/lpctour.fr\/2025\/tp\/hafssa\/spa-2\/\">[Read more&#8230;]<\/a><\/span><\/p>\n","protected":false},"author":1,"featured_media":0,"parent":0,"menu_order":0,"comment_status":"closed","ping_status":"closed","template":"","meta":{"ngg_post_thumbnail":0,"footnotes":""},"class_list":["entry","page","publish","author-hafssactourisme","post-134"],"_links":{"self":[{"href":"https:\/\/lpctour.fr\/2025\/tp\/hafssa\/wp-json\/wp\/v2\/pages\/134","targetHints":{"allow":["GET"]}}],"collection":[{"href":"https:\/\/lpctour.fr\/2025\/tp\/hafssa\/wp-json\/wp\/v2\/pages"}],"about":[{"href":"https:\/\/lpctour.fr\/2025\/tp\/hafssa\/wp-json\/wp\/v2\/types\/page"}],"author":[{"embeddable":true,"href":"https:\/\/lpctour.fr\/2025\/tp\/hafssa\/wp-json\/wp\/v2\/users\/1"}],"replies":[{"embeddable":true,"href":"https:\/\/lpctour.fr\/2025\/tp\/hafssa\/wp-json\/wp\/v2\/comments?post=134"}],"version-history":[{"count":3,"href":"https:\/\/lpctour.fr\/2025\/tp\/hafssa\/wp-json\/wp\/v2\/pages\/134\/revisions"}],"predecessor-version":[{"id":171,"href":"https:\/\/lpctour.fr\/2025\/tp\/hafssa\/wp-json\/wp\/v2\/pages\/134\/revisions\/171"}],"wp:attachment":[{"href":"https:\/\/lpctour.fr\/2025\/tp\/hafssa\/wp-json\/wp\/v2\/media?parent=134"}],"curies":[{"name":"wp","href":"https:\/\/api.w.org\/{rel}","templated":true}]}}