{"id":177,"date":"2025-10-24T11:31:59","date_gmt":"2025-10-24T09:31:59","guid":{"rendered":"https:\/\/lpctour.fr\/2025\/tp\/lisa\/?page_id=177"},"modified":"2025-10-24T11:32:53","modified_gmt":"2025-10-24T09:32:53","slug":"chambre-prestige","status":"publish","type":"page","link":"https:\/\/lpctour.fr\/2025\/tp\/lisa\/chambre-prestige\/","title":{"rendered":"Chambre Prestige"},"content":{"rendered":"<article id=\"post-86\" class=\"entry post publish author-gbuchon post-86 format-standard has-post-thumbnail category-chambre-prestige\">\n<div class=\"entry-wrap\">\n<div class=\"entry-content\">\n<p class=\"meilleurprix\"><span style=\"font-size: 8pt; color: #ff0000;\">Meilleur Prix Garanti<\/span><\/p>\n<h3>Chambre Prestige<\/h3>\n<div id=\"cold-famille\">\n<p>Les chambres sont situ\u00e9es au premier \u00e9tage du ch\u00e2teau, avec ascenseur.<\/p>\n<p><strong>Double<\/strong>\u00a0chambre de 28 m\u00b2, espace salon, lit double Queen size 160 x 200 cm. Possibilit\u00e9 de lit d\u2019appoint<strong>.<br \/>\n<\/strong><br \/>\n<strong>De 128 \u00e0 230 \u20ac.<\/strong><br \/>\n<em>Pour connaitre le tarif exact de la chambre pendant votre s\u00e9jour, entrez vos dates dans \u00ab\u00a0R\u00e9servation\u00a0\u00bb.<\/em><\/p>\n<\/div>\n<hr \/>\n<h3 class=\"title-room-facilites\">Services inclus :<\/h3>\n<ul class=\"room-features-list\">\n<li><i class=\"fa fa-check\"><\/i>Acc\u00e8s wifi illimit\u00e9<\/li>\n<li><i class=\"fa fa-check\"><\/i>Ascenseur<\/li>\n<li><i class=\"fa fa-check\"><\/i>Climatisation<\/li>\n<li><i class=\"fa fa-check\"><\/i>Coffre-fort<\/li>\n<li><i class=\"fa fa-check\"><\/i>Espace bureau<\/li>\n<li><i class=\"fa fa-check\"><\/i>Plateau courtoisie (boissons chaudes)<\/li>\n<li><i class=\"fa fa-check\"><\/i>Salle de bain marbre avec baignoire ou douche<\/li>\n<li><i class=\"fa fa-check\"><\/i>S\u00e8che-cheveux<\/li>\n<li><i class=\"fa fa-check\"><\/i>TV \u00e9cran plat<\/li>\n<\/ul>\n<hr \/>\n<div class=\"price\">\n<h3>de 128 \u20ac \u00e0 230 \u20ac \/ nuit<\/h3>\n<p class=\"meilleurprix\"><span style=\"color: #ff0000; font-size: 8pt;\">Meilleur Prix Garanti<\/span><\/p>\n<\/div>\n<\/div>\n<footer class=\"entry-footer\">\n<div class=\"entry-meta\"><\/div>\n<\/footer>\n<\/div>\n<\/article>\n<div id=\"comments\" class=\"entry-comments\">\n<p class=\"comments-closed pings-open\">Comments are closed, but <a title=\"Trackback URL for this post\" href=\"https:\/\/lpctour.fr\/2023\/hotel\/2023\/10\/12\/chambre-prestige\/trackback\/\">trackbacks<\/a> and pingbacks are open.<\/p>\n<\/div>\n","protected":false},"excerpt":{"rendered":"<p>Meilleur Prix Garanti Chambre Prestige Les chambres sont situ\u00e9es au premier \u00e9tage du ch\u00e2teau, avec ascenseur. Double\u00a0chambre de 28 m\u00b2, espace salon, lit double Queen size 160 x 200 cm. Possibilit\u00e9 de lit d\u2019appoint. De 128 \u00e0 230 \u20ac. Pour connaitre le tarif exact de la chambre pendant votre s\u00e9jour, entrez vos dates dans \u00ab\u00a0R\u00e9servation\u00a0\u00bb. &#8230; <span class=\"more\"><a class=\"more-link\" href=\"https:\/\/lpctour.fr\/2025\/tp\/lisa\/chambre-prestige\/\"><\/a><\/span><\/p>\n","protected":false},"author":1,"featured_media":48,"parent":0,"menu_order":0,"comment_status":"closed","ping_status":"closed","template":"","meta":{"footnotes":""},"class_list":{"0":"entry","1":"page","2":"publish","3":"author-lisanowak","4":"post-177","6":"has-post-thumbnail"},"_links":{"self":[{"href":"https:\/\/lpctour.fr\/2025\/tp\/lisa\/wp-json\/wp\/v2\/pages\/177","targetHints":{"allow":["GET"]}}],"collection":[{"href":"https:\/\/lpctour.fr\/2025\/tp\/lisa\/wp-json\/wp\/v2\/pages"}],"about":[{"href":"https:\/\/lpctour.fr\/2025\/tp\/lisa\/wp-json\/wp\/v2\/types\/page"}],"author":[{"embeddable":true,"href":"https:\/\/lpctour.fr\/2025\/tp\/lisa\/wp-json\/wp\/v2\/users\/1"}],"replies":[{"embeddable":true,"href":"https:\/\/lpctour.fr\/2025\/tp\/lisa\/wp-json\/wp\/v2\/comments?post=177"}],"version-history":[{"count":1,"href":"https:\/\/lpctour.fr\/2025\/tp\/lisa\/wp-json\/wp\/v2\/pages\/177\/revisions"}],"predecessor-version":[{"id":178,"href":"https:\/\/lpctour.fr\/2025\/tp\/lisa\/wp-json\/wp\/v2\/pages\/177\/revisions\/178"}],"wp:featuredmedia":[{"embeddable":true,"href":"https:\/\/lpctour.fr\/2025\/tp\/lisa\/wp-json\/wp\/v2\/media\/48"}],"wp:attachment":[{"href":"https:\/\/lpctour.fr\/2025\/tp\/lisa\/wp-json\/wp\/v2\/media?parent=177"}],"curies":[{"name":"wp","href":"https:\/\/api.w.org\/{rel}","templated":true}]}}